{"id":16,"date":"2011-10-06T18:39:41","date_gmt":"2011-10-06T17:39:41","guid":{"rendered":"http:\/\/blog.ensci.com\/telecommande\/?page_id=16"},"modified":"2011-10-06T18:52:44","modified_gmt":"2011-10-06T17:52:44","slug":"historique-et-perspectives","status":"publish","type":"page","link":"https:\/\/blog.ensci.com\/telecommande\/presentation\/historique-et-perspectives\/","title":{"rendered":"Historique et perspectives"},"content":{"rendered":"<p><span><span style=\"font-size: x-small\"><strong>T\u00e9l\u00e9vision et t\u00e9l\u00e9commande\u00a0: une histoire industrielle peu innovante<\/strong><\/span><\/span><\/p>\n<p><span style=\"font-family: Arial,sans-serif\"><span style=\"font-size: x-small\">N. Henchoz, EPFL+ECAL Lab, Yousri Abdeljaoued, Nagra<\/span><\/span><\/p>\n<p><a href=\"http:\/\/blog.ensci.com\/telecommande\/files\/2011\/10\/lazybones1.jpg\"><img loading=\"lazy\" decoding=\"async\" class=\"alignnone size-medium wp-image-19\" src=\"http:\/\/blog.ensci.com\/telecommande\/files\/2011\/10\/lazybones1-300x186.jpg\" alt=\"lazybones\" width=\"300\" height=\"186\" srcset=\"https:\/\/blog.ensci.com\/telecommande\/files\/2011\/10\/lazybones1-300x186.jpg 300w, https:\/\/blog.ensci.com\/telecommande\/files\/2011\/10\/lazybones1-481x300.jpg 481w, https:\/\/blog.ensci.com\/telecommande\/files\/2011\/10\/lazybones1.jpg 650w\" sizes=\"auto, (max-width: 300px) 100vw, 300px\" \/><\/a><\/p>\n<p><span style=\"font-family: Arial,sans-serif\"><span style=\"font-size: x-small\">La premi\u00e8re t\u00e9l\u00e9commande \u00ab\u00a0lazybones\u00a0\u00bb<\/span><\/span><\/p>\n<p><span style=\"font-family: Arial,sans-serif\"><span style=\"font-size: x-small\">Globalement, la t\u00e9l\u00e9commande a peu \u00e9volu\u00e9 depuis sa cr\u00e9ation il y a pr\u00e8s de 60 ans. La premi\u00e8re t\u00e9l\u00e9commande, nomm\u00e9e \u00ab\u00a0Lazy Bones\u00a0\u00bb a en effet \u00e9t\u00e9 d\u00e9velopp\u00e9e au d\u00e9but des ann\u00e9es 50 par Zenith Electronics. Elle poss\u00e9dait des fonctions simples\u00a0: ON\/OFF, choix du canal et volume sonore. Elle \u00e9tait reli\u00e9e par un fil \u00e0 la t\u00e9l\u00e9vision.<\/span><\/span><\/p>\n<p><span style=\"font-family: Arial,sans-serif\"><span style=\"font-size: x-small\">En 1955, la Flashmatic permet d\u00e9j\u00e0 de passer au \u00ab\u00a0wireless\u00a0\u00bb, par un syst\u00e8me de flash lumineux. Qui sera remplac\u00e9 par un dispositif \u00e0 ultrason l\u2019ann\u00e9e suivante\u00a0: la \u00ab\u00a0Space Command\u00a0\u00bb.<\/span><\/span><\/p>\n<p><span style=\"font-family: Arial,sans-serif\"><span style=\"font-size: x-small\">Dans les ann\u00e9es 80, on passe \u00e0 l\u2019infrarouge, qui conf\u00e8re quelques avantages techniques. Les t\u00e9l\u00e9commandes se complexifient en raison de l\u2019augmentation du nombre de canal, mais aussi de fonctionnalit\u00e9s comme le Teletext et la volont\u00e9 d\u2019int\u00e9grer le pilotage d\u2019autres appareils comme le magn\u00e9toscope.<\/span><\/span><\/p>\n<p><span style=\"font-family: Arial,sans-serif\"><span style=\"font-size: x-small\">Au-del\u00e0 de ces am\u00e9liorations techniques, qui t\u00e9moignent d\u2019une p\u00e9riode fortement marqu\u00e9e par la fascination pour le progr\u00e8s technologique, l\u2019industrie se focalise sur la r\u00e9duction des co\u00fbts de production. On ne s\u2019int\u00e9resse gu\u00e8re \u00e0 donner de statut \u00e0 la t\u00e9l\u00e9commande. Elle n\u2019existe que par ses fonctions. On ne s\u2019int\u00e9resse pas \u00e0 lui donner de valeur en tant qu\u2019objet, m\u00eame s\u2019il constitue un \u00e9l\u00e9ment essentiel du quotidien.<\/span><\/span><\/p>\n<p><span style=\"font-family: Arial,sans-serif\"><span style=\"font-size: x-small\">Aujourd\u2019hui, de nouvelles formes d\u2019interactions arrivent sur le march\u00e9, mais elles sont surtout orient\u00e9es sur des performances complexes\u00a0: capacit\u00e9 \u00e0 piloter tous les appareils audio-visuels de la maison ( Logitech Harmony), second \u00e9cran avec des tablettes de type Archos, IPad, IPhone, offrant une connectivit\u00e9 et une interactivit\u00e9 compl\u00e8te ( preview, affichage de m\u00e9tadonn\u00e9es, widgets, r\u00e9seaux sociaux, etc.) ou encore Sony, avec des fonctionnalit\u00e9s de gaming en relation avec Google TV. Si ces objets nouveaux peuvent avoir leur l\u00e9gitimit\u00e9, ils ne doivent cependant pas contraindre l\u2019usager \u00e0 la complexit\u00e9 ( plus de 100 touches, poids et encombrement, alimentation \u00e9lectrique, etc.) <\/span><\/span><\/p>\n<p><a href=\"http:\/\/blog.ensci.com\/telecommande\/files\/2011\/10\/sonygoogle.png\"><img loading=\"lazy\" decoding=\"async\" class=\"alignnone size-medium wp-image-20\" src=\"http:\/\/blog.ensci.com\/telecommande\/files\/2011\/10\/sonygoogle-300x227.png\" alt=\"sonygoogle\" width=\"300\" height=\"227\" srcset=\"https:\/\/blog.ensci.com\/telecommande\/files\/2011\/10\/sonygoogle-300x227.png 300w, https:\/\/blog.ensci.com\/telecommande\/files\/2011\/10\/sonygoogle-396x300.png 396w, https:\/\/blog.ensci.com\/telecommande\/files\/2011\/10\/sonygoogle.png 650w\" sizes=\"auto, (max-width: 300px) 100vw, 300px\" \/><\/a><a href=\"http:\/\/blog.ensci.com\/telecommande\/files\/2011\/10\/peel.jpg\"><img loading=\"lazy\" decoding=\"async\" class=\"alignnone size-medium wp-image-21\" src=\"http:\/\/blog.ensci.com\/telecommande\/files\/2011\/10\/peel-300x216.jpg\" alt=\"peel\" width=\"300\" height=\"216\" srcset=\"https:\/\/blog.ensci.com\/telecommande\/files\/2011\/10\/peel-300x216.jpg 300w, https:\/\/blog.ensci.com\/telecommande\/files\/2011\/10\/peel-415x300.jpg 415w, https:\/\/blog.ensci.com\/telecommande\/files\/2011\/10\/peel.jpg 818w\" sizes=\"auto, (max-width: 300px) 100vw, 300px\" \/><\/a><\/p>\n<p lang=\"fr-FR\"><span style=\"font-family: Arial,sans-serif\"><span style=\"font-size: x-small\">T\u00e9l\u00e9commandes de Sony pour GoogleTV et Peel avec IPhone.<\/span><\/span><\/p>\n<p><span style=\"font-family: Arial,sans-serif\"><span style=\"font-size: x-small\">L\u2019usager a besoin d\u2019une alternative \u00e0 cette \u00e9volution\u00a0: pouvoir disposer d\u2019objets qui ne repr\u00e9sentent pas une course \u00e0 la performance mais permettent d\u2019\u00e9tablir une relation nouvelle au num\u00e9rique. Ces t\u00e9l\u00e9commandes devront offrir des sc\u00e9narios d\u2019usage in\u00e9dits mais simples \u00e0 appr\u00e9hender, proposer une exp\u00e9rience stimulante s\u2019inscrit dans un contexte culturel et social pertinent. Leur d\u00e9veloppement peut, paradoxalement, largement b\u00e9n\u00e9ficier de technologies \u00e9mergeantes ( mat\u00e9riaux, syst\u00e8mes haptiques, etc.) pour autant que ces derni\u00e8res ne soient pas une finalit\u00e9 et ne perturbent, ni ne complexifient les usages. Cette g\u00e9n\u00e9ration de t\u00e9l\u00e9commande a pour vocation d\u2019\u00eatre compl\u00e9mentaire aux tendances \u00ab\u00a0lourdes\u00a0\u00bb actuelles.<\/span><\/span><\/p>\n","protected":false},"excerpt":{"rendered":"<p>T\u00e9l\u00e9vision et t\u00e9l\u00e9commande\u00a0: une histoire industrielle peu innovante N. Henchoz, EPFL+ECAL Lab, Yousri Abdeljaoued, Nagra La premi\u00e8re t\u00e9l\u00e9commande \u00ab\u00a0lazybones\u00a0\u00bb Globalement, la t\u00e9l\u00e9commande a peu \u00e9volu\u00e9 depuis sa cr\u00e9ation il y a pr\u00e8s de 60 ans. La premi\u00e8re t\u00e9l\u00e9commande, nomm\u00e9e \u00ab\u00a0Lazy &hellip; <a href=\"https:\/\/blog.ensci.com\/telecommande\/presentation\/historique-et-perspectives\/\">Lire la suite <span class=\"meta-nav\">&rarr;<\/span><\/a><\/p>\n","protected":false},"author":106,"featured_media":0,"parent":2,"menu_order":0,"comment_status":"open","ping_status":"closed","template":"","meta":{"footnotes":"","_links_to":"","_links_to_target":""},"class_list":["post-16","page","type-page","status-publish","hentry"],"_links":{"self":[{"href":"https:\/\/blog.ensci.com\/telecommande\/wp-json\/wp\/v2\/pages\/16","targetHints":{"allow":["GET"]}}],"collection":[{"href":"https:\/\/blog.ensci.com\/telecommande\/wp-json\/wp\/v2\/pages"}],"about":[{"href":"https:\/\/blog.ensci.com\/telecommande\/wp-json\/wp\/v2\/types\/page"}],"author":[{"embeddable":true,"href":"https:\/\/blog.ensci.com\/telecommande\/wp-json\/wp\/v2\/users\/106"}],"replies":[{"embeddable":true,"href":"https:\/\/blog.ensci.com\/telecommande\/wp-json\/wp\/v2\/comments?post=16"}],"version-history":[{"count":5,"href":"https:\/\/blog.ensci.com\/telecommande\/wp-json\/wp\/v2\/pages\/16\/revisions"}],"predecessor-version":[{"id":39,"href":"https:\/\/blog.ensci.com\/telecommande\/wp-json\/wp\/v2\/pages\/16\/revisions\/39"}],"up":[{"embeddable":true,"href":"https:\/\/blog.ensci.com\/telecommande\/wp-json\/wp\/v2\/pages\/2"}],"wp:attachment":[{"href":"https:\/\/blog.ensci.com\/telecommande\/wp-json\/wp\/v2\/media?parent=16"}],"curies":[{"name":"wp","href":"https:\/\/api.w.org\/{rel}","templated":true}]}}