{"id":1974,"date":"2015-11-05T15:22:42","date_gmt":"2015-11-05T15:22:42","guid":{"rendered":"http:\/\/blog.ensci.com\/phenorama\/?page_id=1974"},"modified":"2015-11-05T16:33:19","modified_gmt":"2015-11-05T16:33:19","slug":"ecritures-de-creationpratiques-de-recherche-seminaire","status":"publish","type":"page","link":"https:\/\/blog.ensci.com\/phenorama\/ecritures-de-creationpratiques-de-recherche-seminaire\/","title":{"rendered":"Ecritures de cr\u00e9ation\/Pratiques de recherche  &#8211; s\u00e9minaire"},"content":{"rendered":"<p>&nbsp;<\/p>\n<header>Dialogue crois\u00e9 entre chercheurs, praticiens et enseignants.<br \/>\nCe premier s\u00e9minaire d\u2019\u00e9changes pr\u00e9pare au forum \u00a0\u00bb Ecriture de cr\u00e9ation\/pratiques de recherche\u00a0\u00bb pr\u00e9vu<br \/>\npour le mois d&rsquo;avril. Il a \u00e9t\u00e9 organis\u00e9 le 9 juin 2015, par l&rsquo;ENSCI-Les Ateliers et \u00e0 l&rsquo;ENSCI, en collaboration avec l&rsquo;Ecole nationale sup\u00e9rieure d&rsquo;Architecture de Paris-La Villette, et le soutien du Labex Cr\u00e9ation Arts Patrimoine.<\/header>\n<header>Pour cette avant premi\u00e8re nous avons r\u00e9unis chercheurs, praticiens, professionnels \u00a0:<\/p>\n<ul>\n<li>Aurosa Alison,\u00a0<em>docteure \u00a0en philosophie, chercheur associ\u00e9 au GERPHAU<\/em><\/li>\n<li>Claire Bailly,\u00a0<em>doctorante, architecte et urbaniste<\/em>,<\/li>\n<li>C\u00e9line Bodart,\u00a0<em>architecte, doctorante GERPHAU<\/em>,<\/li>\n<li>Roland Cahen,\u00a0<em>compositeur ENSCI-Les Ateliers,<\/em><\/li>\n<li>Marie-Haude Cara\u00ebs,<em>\u00a0politologue, directrice Ecole des Beaux-arts de Tour,<\/em><\/li>\n<li>Yvane Chapuis,<em>\u00a0Recherche appliqu\u00e9e et d\u00e9veloppement Manufacture,<\/em><\/li>\n<li>Anne Dubos,\u00a0<em>anthropologue et artiste<\/em>,<\/li>\n<li>Eric Mangion,<em>\u00a0directeur du centre d&rsquo;art de la Villa Arson,<\/em><\/li>\n<li>Bernard Mo\u00efse,\u00a0<em>designer-plasticien, directeur artistique Mo\u00efse studio,<\/em><\/li>\n<li>Thierry Mouill\u00e9,<em>\u00a0artiste,\u00a0Laboratoire des intuitions,<\/em><\/li>\n<li>Val\u00e9rie Pihet,<em>\u00a0cofondatrice avec Bruno Latour du programme d\u2019exp\u00e9rimentation\u00a0<\/em><em>en arts et politique.<\/em><\/li>\n<\/ul>\n<div><span style=\"color: #464646; font-family: nationalregular, Arial, sans-serif;\">\u00a0<\/span><\/div>\n<div><span style=\"color: #464646; font-family: nationalregular, Arial, sans-serif;\">Ce s\u00e9minaire a \u00e9t\u00e9 organis\u00e9 par Antonella Tufano de l&rsquo;Ecole Nationale Sup\u00e9rieure d&rsquo;Architecture de Paris la Villette et Armand Behar de l&rsquo;Ecole Nationale Sup\u00e9rieure de Cr\u00e9ation Industrielle.<\/span><\/div>\n<\/header>\n<section><\/section>\n<p>&nbsp;<\/p>\n<header><strong>Ouverture<\/strong><br \/>\n<strong>Pr\u00e9sentation du s\u00e9minaire<\/strong><\/header>\n<p><iframe loading=\"lazy\" src=\"https:\/\/drive.google.com\/a\/ensci.com\/file\/d\/0B1NZbJ19adF5UHRxSWd2ZWpiT1U\/preview\" width=\"640\" height=\"480\"><\/iframe><\/p>\n<section><\/section>\n<p>&nbsp;<\/p>\n<header><\/header>\n<section>\n<section><strong>table ronde 1 :\u00a0<\/strong><br \/>\n<strong>Exp\u00e9rience de recherche : l\u00e9gitimation\/protocole<\/strong><br \/>\n<iframe loading=\"lazy\" src=\"https:\/\/drive.google.com\/a\/ensci.com\/file\/d\/0B1NZbJ19adF5OHhrTDNaSVczeVE\/preview\" width=\"640\" height=\"480\"><\/iframe><\/section>\n<section><\/section>\n<p>&nbsp;<\/p>\n<section><strong>table ronde 2 :<\/strong><br \/>\n<strong>Ecritures de cr\u00e9ation : encodage\/d\u00e9codage<\/strong><br \/>\n<iframe loading=\"lazy\" src=\"https:\/\/drive.google.com\/a\/ensci.com\/file\/d\/0B1NZbJ19adF5NmxXbHdnUWJ5eEU\/preview\" width=\"640\" height=\"480\"><\/iframe><\/section>\n<section><\/section>\n<p>&nbsp;<\/p>\n<section><strong>table ronde 3\u00a0<\/strong><br \/>\n<strong>recherche en action : notation\/script<\/strong><br \/>\n<iframe loading=\"lazy\" src=\"https:\/\/drive.google.com\/a\/ensci.com\/file\/d\/0B1NZbJ19adF5OG5FU2RoSUNNalU\/preview\" width=\"640\" height=\"480\"><\/iframe><\/section>\n<section><\/section>\n<p>&nbsp;<\/p>\n<section><strong>Discussion collective et synth\u00e8se<\/strong><br \/>\n<iframe loading=\"lazy\" src=\"https:\/\/drive.google.com\/a\/ensci.com\/file\/d\/0B1NZbJ19adF5TEtZQ3FKY1BPODg\/preview\" width=\"640\" height=\"480\"><\/iframe><\/section>\n<\/section>\n","protected":false},"excerpt":{"rendered":"<p>&nbsp; Dialogue crois\u00e9 entre chercheurs, praticiens et enseignants. Ce premier s\u00e9minaire d\u2019\u00e9changes pr\u00e9pare au forum \u00a0\u00bb Ecriture de cr\u00e9ation\/pratiques de recherche\u00a0\u00bb pr\u00e9vu pour le mois d&rsquo;avril. Il a \u00e9t\u00e9 organis\u00e9 le 9 juin 2015, par l&rsquo;ENSCI-Les Ateliers et \u00e0 l&rsquo;ENSCI,&hellip;<\/p>\n<p class=\"more-link-p\"><a class=\"more-link\" href=\"https:\/\/blog.ensci.com\/phenorama\/ecritures-de-creationpratiques-de-recherche-seminaire\/\">Read more &rarr;<\/a><\/p>\n","protected":false},"author":302,"featured_media":0,"parent":0,"menu_order":0,"comment_status":"open","ping_status":"open","template":"","meta":{"spay_email":"","footnotes":"","_links_to":"","_links_to_target":""},"class_list":["post-1974","page","type-page","status-publish","hentry"],"_links":{"self":[{"href":"https:\/\/blog.ensci.com\/phenorama\/wp-json\/wp\/v2\/pages\/1974","targetHints":{"allow":["GET"]}}],"collection":[{"href":"https:\/\/blog.ensci.com\/phenorama\/wp-json\/wp\/v2\/pages"}],"about":[{"href":"https:\/\/blog.ensci.com\/phenorama\/wp-json\/wp\/v2\/types\/page"}],"author":[{"embeddable":true,"href":"https:\/\/blog.ensci.com\/phenorama\/wp-json\/wp\/v2\/users\/302"}],"replies":[{"embeddable":true,"href":"https:\/\/blog.ensci.com\/phenorama\/wp-json\/wp\/v2\/comments?post=1974"}],"version-history":[{"count":17,"href":"https:\/\/blog.ensci.com\/phenorama\/wp-json\/wp\/v2\/pages\/1974\/revisions"}],"predecessor-version":[{"id":1992,"href":"https:\/\/blog.ensci.com\/phenorama\/wp-json\/wp\/v2\/pages\/1974\/revisions\/1992"}],"wp:attachment":[{"href":"https:\/\/blog.ensci.com\/phenorama\/wp-json\/wp\/v2\/media?parent=1974"}],"curies":[{"name":"wp","href":"https:\/\/api.w.org\/{rel}","templated":true}]}}