{"id":1843,"date":"2015-03-12T11:12:40","date_gmt":"2015-03-12T11:12:40","guid":{"rendered":"http:\/\/blog.ensci.com\/phenorama\/?page_id=1843"},"modified":"2015-05-18T09:48:19","modified_gmt":"2015-05-18T09:48:19","slug":"seance-4","status":"publish","type":"page","link":"https:\/\/blog.ensci.com\/phenorama\/seance-4\/","title":{"rendered":"s\u00e9ance \/ 4"},"content":{"rendered":"<p><strong>lundi 20 avril 2015 de 17h \u00e0 20h<br \/>\n<\/strong><b>La narration port\u00e9e par le projet, entre projection, pr\u00e9vision et pr\u00e9diction<\/b><\/p>\n<p><strong>Intervenants :<br \/>\n. Dominique Boullier,\u00a0<\/strong>sociologue, Professeur Sciences Po,<br \/>\n<strong>. Thierry Joliveau,<\/strong> g\u00e9ographe\u00a0Professeur de G\u00e9ographie \u00e0 l\u2019Universit\u00e9 de Saint-Etienne,<br \/>\nchercheur \u00e0 l\u2019UMR Environenment-Ville-Soci\u00e9t\u00e9.<br \/>\n<strong>. Louise Raguet,\u00a0<\/strong>\u00e9l\u00e8ve Ensci\/les ateliers studio de cr\u00e9ation ph\u00e9nOrama.<\/p>\n<p>&nbsp;<\/p>\n<p>ECOUTER LE SEMINAIRE<br \/>\n<iframe loading=\"lazy\" src=\"https:\/\/drive.google.com\/a\/ensci.com\/file\/d\/0B8zsHAC54bf_YnVfc3paXzNydlE\/preview\" width=\"352\" height=\"288\"><\/iframe><br \/>\n&nbsp;<\/p>\n<p>Ville intelligente, cartographie. Fictions de<strong>\u00a0Thierry Joliveau<\/strong><\/p>\n<p>Les travaux sur la ville intelligente accordent une place centrale \u00e0 la carte et aux technologies de l\u2019espace dans la ville \u00e0 venir. Antoine Picon\u00a0\u00e9crit par exemple que \u00ab\u00a0ce n\u2019est pas tant la forme de la ville qui change que la carte, ou plut\u00f4t ses cartes, tant l\u2019av\u00e8nement du num\u00e9rique co\u00efncide avec une prolif\u00e9ration de repr\u00e9sentations cartographiques du ph\u00e9nom\u00e8ne urbain. C\u2019est au travers de cette prolif\u00e9ration que la ville devient intelligente\u00a0\u00bb. La carte num\u00e9rique se trouve en effet au c\u0153ur des processus de connexion spatiale des diff\u00e9rents syst\u00e8mes techniques qui sont suppos\u00e9s produire l\u2019intelligence du territoire. Mais elle est tout autant \u00e0 la surface, dans l\u2019interface avec les citoyens, comme moyen d\u2019expression privil\u00e9gi\u00e9 des individus et de leurs collectifs pour raconter leurs go\u00fbts, leurs d\u00e9sirs, leurs \u00e9motions, leurs col\u00e8res, leurs envies dans une ville de plus en plus sensible car pilot\u00e9e par ses capteurs (\u00ab\u00a0sensors\u00a0\u00ab\u00a0).<\/p>\n<p>Il est difficile de distinguer dans ce suppos\u00e9 r\u00e8gne cartographique sur la ville intelligente, ce qui rel\u00e8ve de la promesse technologique, du mythe, du d\u00e9lire anticipateur ou de \u00ab\u00a0l\u2019id\u00e9al autor\u00e9alisateur\u00a0\u00bb. Les sph\u00e8res \u00e0 investiguer par la recherche sont multiples\u00a0: syst\u00e8mes techniques, salles de supervision, bureaux de conception et de design, services informatiques mais aussi ar\u00e8nes de conflits, aires d\u00e9laiss\u00e9es sans oublier le flux continu des interactions et des \u00e9v\u00e9nements qui font la ville. Programme difficile, multiforme et pluridisciplinaire, que de comprendre la r\u00e9alit\u00e9 et le r\u00f4le effectif du dispositif cartographique mis en \u0153uvre dans ce kal\u00e9idoscope de protocoles et de situations marqu\u00e9s par une \u00e9volutions rapide des techniques et un foisonnement d\u2019usages parfois \u00e9ph\u00e9m\u00e8res.<\/p>\n<p>On fera ici l\u2019hypoth\u00e8se que l\u2019observation de l\u2019usage de l\u2019expression cartographique dans les \u0153uvres de fiction, en particulier cin\u00e9matographiques, o\u00f9 l\u2019on constate aussi une prolif\u00e9ration cartographique, peut aider \u00e0 saisir les formes de mise en action de la carte dans des contextes vari\u00e9s et aider \u00e0 comprendre la r\u00e9alit\u00e9 sociale et technique \u00e9mergente. Ce sera aussi l\u2019occasion de s\u2019interroger sur les correspondances entre la mise en espace de la fiction et la mise en fiction de l\u2019espace que pourrait faciliter l\u2019usage syst\u00e9matiques des technologies g\u00e9onum\u00e9riques.<\/p>\n<p><a href=\"#_ednref\" name=\"_edn1\">[i]<\/a> Picon A., 2013, <em>Smart cities: th\u00e9orie et critique d\u2019un id\u00e9al auto-r\u00e9alisateur<\/em>, Paris, France, \u00c9ditions B2, impr. 2013, 117 p.<\/p>\n<p>A propos de Thierry Joliveau :\u00a0<a href=\"http:\/\/thierry.joliveau.pagesperso-orange.fr\" target=\"_blank\">thierry.joliveau.fr<\/a>\u00a0et <a href=\"https:\/\/spacefiction.wordpress.com\" target=\"_blank\">(E)space et fiction<\/a><\/p>\n<p>&nbsp;<\/p>\n<p>Electronique \u00e0 cr\u00e9dits de <strong>Louise Raguet<\/strong><\/p>\n<p>Voici un monde o\u00f9 chaque citoyen du monde na\u00eet avec un certain nombre de \u00ab cr\u00e9dits \u00bb pour consommer de l\u2019\u00e9lectronique et \u00e9lectrom\u00e9nager. Ces cr\u00e9dits rendent compte des ressources r\u00e9elles qui sont n\u00e9cessaires \u00e0 la fabrication de tout l\u2019\u00e9lectronique qui nous entoure : minerais rares, travail humain p\u00e9nible, pollution et gestion des d\u00e9chets toxiques. Ainsi, chaque citoyen na\u00eet avec des \u00ab Cr\u00e9dits de Consommation de l\u2019\u00c9lectronique \u00bb qui se divisent en trois cat\u00e9gories :<br \/>\n&#8211; sous-cr\u00e9dits Minerais rares,<br \/>\n&#8211; sous-cr\u00e9dits Exploitation de l\u2019Homme par l\u2019Homme,<br \/>\n&#8211; sous-cr\u00e9dits Pollution<\/p>\n<p>Chaque appareil \u00e9lectronique commercialis\u00e9 est caract\u00e9ris\u00e9 non seulement par son prix en monnaie mais \u00e9galement par son co\u00fbt en \u00ab Cr\u00e9dits de Consommation de l\u2019\u00c9lectronique \u00bb (CCE), qui est une r\u00e9sultante de son co\u00fbt en \u00ab sous-cr\u00e9dits \u00bb de chacune des trois cat\u00e9gories mentionn\u00e9es ci-dessus. Le montant en sous-cr\u00e9dits d\u00e9pend d\u2019une part du produit en lui-m\u00eame (contient-il beaucoup de tel ou tel minerais rare ? A-t-il un fort impact sur l\u2019environnement car il est difficile \u00e0 recycler ou qu\u2019il incite au gaspillage (obsolescence programm\u00e9e) ? Quelle est la situation sociale des ouvriers qui ont travaill\u00e9 sur sa fabrication, depuis l\u2019extraction des minerais jusqu\u2019au bout des cha\u00eenes d\u2019assemblage ?<\/p>\n<p>Par exemple, un ordinateur portable qui utilise beaucoup d\u2019indium pour sa fabrication aura en un fort co\u00fbt en CCE. L\u2019indium est un \u00e9l\u00e9ment chimique de la cat\u00e9gorie des \u00ab terres rares \u00bb. Son exploitation est difficile et surtout tr\u00e8s polluante. Elle est aujourd\u2019hui effectu\u00e9 \u00e0 80 % en Chine, principalement dans la ville de Baotou, dont l\u2019environnement (sols, nappes phr\u00e9atiques) et l\u2019\u00e9tat sanitaire sont ravag\u00e9s par cette industrie. L\u2019indium est utilis\u00e9 en autre pour donner les propri\u00e9t\u00e9s tactiles \u00e0 nos \u00e9crans. D\u2019autres \u00ab terres rares \u00bb sont indispensables, entre autre, pour obtenir des couleurs vives sur nos \u00e9crans.<\/p>\n<p>Dans un monde o\u00f9 la consommation serait organis\u00e9e ainsi, il tr\u00e8s probable que la production s\u2019organise de fa\u00e7on \u00e0 ce que ces co\u00fbts en CCE baissent : limiter l\u2019utilisation de minerais rares, inventer des nouvelles techniques d\u2019extraction non polluantes, augmenter grandement les fili\u00e8res de recyclage, favoriser la protection sociale de tous les travailleurs, limiter l\u2019achat de minerais issues de zones socio-politiquement instables et contr\u00f4l\u00e9es par des milices (comme c\u2019est le cas aujourd\u2019hui au Congo). Enfin, c\u2019est aussi la consommation individuelle qui baisserait.<\/p>\n<p>Chaque citoyen garde cependant la libert\u00e9 d\u2019obtenir davantage de CCE, s\u2019il souhaite consommer plus que ce qui lui est parmi par les cr\u00e9dits octroy\u00e9s \u00e0 sa naissance. Il doit pour cela effectuer des actions qui viennent \u00ab rectifier \u00bb les dommages sociaux ou environnement caus\u00e9s par cette industrie, comme par exemple aller soi-m\u00eame travailler dans les carri\u00e8res d\u2019exploitation des minerais au Congo, faire un don \u00e0 une ONG qui travaille sur la d\u00e9pollution ou l\u2019am\u00e9lioration des conditions de travail des ouvriers. Dans chaque cas, il est possible de r\u00e9cup\u00e9rer un certain nombre de \u00ab sous-cr\u00e9dits \u00bb correspondant \u00e0 l\u2019action qui est effectu\u00e9e.<\/p>\n<p>Ainsi, dans ce monde, l\u2019argent ne permet pas tout, ne suffit pas \u00e0 consommer (et polluer!) autant qu\u2019on le souhaite. Certes, on peut indirectement acheter des cr\u00e9dits, en payant des ONG pour financement l\u2019aide sanitaire ou la d\u00e9pollution, mais ce fonctionnement implique une r\u00e9elle prise de conscience des cons\u00e9quences de notre consommation effr\u00e9n\u00e9e.<\/p>\n<p>Les \u00e9l\u00e9ments r\u00e9alis\u00e9s pour l\u2019exposition Ph\u00e9norama, illustrent quelques aspects de ce monde. Assaillie dans le m\u00e9tro par les gigantesques publicit\u00e9s pour les t\u00e9l\u00e9phones ou ordinateurs, qui me ram\u00e8ne chaque matin \u00e0 la consommation d\u00e9raissonn\u00e9e qu\u2019incite notre soci\u00e9t\u00e9, je me suis mise spontan\u00e9ment \u00e0 r\u00e9inventer ces publicit\u00e9s dans ce monde fictif. Par exemple, certaines marquent se venteraient peut-\u00eatre de ne pas utiliser la technologie dernier-cri (et co\u00fbteuses en ressources), mais plut\u00f4t des produits techniquement assez simples, sans fonctions \u00ab gadget \u00bb. J\u2019ai \u00e9galement imagin\u00e9 l\u2019\u00e9mergence d\u2019agences sp\u00e9cialis\u00e9es dans la r\u00e9cup\u00e9ration de cr\u00e9dits, notamment des agences semblables \u00e0 nos agences de voyages qui nous permettent d\u2019effectuer des \u00ab stages \u00bb dans les mines ou les usines, pour r\u00e9cup\u00e9rer des CCE Exploitation de l\u2019Homme par l\u2019Homme.<\/p>\n<p>&nbsp;<\/p>\n<p>&nbsp;<\/p>\n","protected":false},"excerpt":{"rendered":"<p>lundi 20 avril 2015 de 17h \u00e0 20h La narration port\u00e9e par le projet, entre projection, pr\u00e9vision et pr\u00e9diction Intervenants : . Dominique Boullier,\u00a0sociologue, Professeur Sciences Po, . Thierry Joliveau, g\u00e9ographe\u00a0Professeur de G\u00e9ographie \u00e0 l\u2019Universit\u00e9 de Saint-Etienne, chercheur \u00e0 l\u2019UMR&hellip;<\/p>\n<p class=\"more-link-p\"><a class=\"more-link\" href=\"https:\/\/blog.ensci.com\/phenorama\/seance-4\/\">Read more &rarr;<\/a><\/p>\n","protected":false},"author":302,"featured_media":0,"parent":0,"menu_order":0,"comment_status":"open","ping_status":"open","template":"","meta":{"spay_email":"","footnotes":"","_links_to":"","_links_to_target":""},"class_list":["post-1843","page","type-page","status-publish","hentry"],"_links":{"self":[{"href":"https:\/\/blog.ensci.com\/phenorama\/wp-json\/wp\/v2\/pages\/1843","targetHints":{"allow":["GET"]}}],"collection":[{"href":"https:\/\/blog.ensci.com\/phenorama\/wp-json\/wp\/v2\/pages"}],"about":[{"href":"https:\/\/blog.ensci.com\/phenorama\/wp-json\/wp\/v2\/types\/page"}],"author":[{"embeddable":true,"href":"https:\/\/blog.ensci.com\/phenorama\/wp-json\/wp\/v2\/users\/302"}],"replies":[{"embeddable":true,"href":"https:\/\/blog.ensci.com\/phenorama\/wp-json\/wp\/v2\/comments?post=1843"}],"version-history":[{"count":11,"href":"https:\/\/blog.ensci.com\/phenorama\/wp-json\/wp\/v2\/pages\/1843\/revisions"}],"predecessor-version":[{"id":1929,"href":"https:\/\/blog.ensci.com\/phenorama\/wp-json\/wp\/v2\/pages\/1843\/revisions\/1929"}],"wp:attachment":[{"href":"https:\/\/blog.ensci.com\/phenorama\/wp-json\/wp\/v2\/media?parent=1843"}],"curies":[{"name":"wp","href":"https:\/\/api.w.org\/{rel}","templated":true}]}}