{"id":1450,"date":"2014-11-06T17:57:45","date_gmt":"2014-11-06T17:57:45","guid":{"rendered":"http:\/\/blog.ensci.com\/phenorama\/?page_id=1450"},"modified":"2014-11-07T11:09:01","modified_gmt":"2014-11-07T11:09:01","slug":"studio-de-creation-1","status":"publish","type":"page","link":"https:\/\/blog.ensci.com\/phenorama\/studio-de-creation-1\/","title":{"rendered":"studio de cr\u00e9ation"},"content":{"rendered":"<p>La m\u00e9thodologie de recherche mise en place dans le studio de cr\u00e9ation consiste<br \/>\n\u00e0 s&rsquo;appuyer sur les donn\u00e9es produites par les instituts de statistiques pour imaginer<br \/>\nla ville de demain. Il s\u2019agira d\u2019inventer des r\u00e9cits urbains en d\u00e9tournant les m\u00e9thodes<br \/>\nutilis\u00e9es par les statisticiens. R\u00e9colter, traiter et analyser des donn\u00e9es pour produire<br \/>\ndes formes po\u00e9tiques.<\/p>\n<p>1. Collecte de donn\u00e9es urbaines :<\/p>\n<p>Afin d\u2019identifier les ph\u00e9nom\u00e8nes en cours il s&rsquo;agit dans un premier temps de collecter<br \/>\nles donn\u00e9es \u00e9cologiques, g\u00e9ographiques, sociologiques ou historiques li\u00e9es \u00e0 une ville<br \/>\nde votre choix. Ce travail d\u2019identification s\u2019accompagne d\u2019une collecte d\u2019images,<br \/>\nde sons, de films,&#8230; qui repr\u00e9sente et documente sur le ph\u00e9nom\u00e8ne cern\u00e9.<\/p>\n<p>Enregistrer, d\u00e9crire, collectionner,&#8230; cette premi\u00e8re \u00e9tape s&rsquo;intitule : \u00ab Cit\u00e9-philie \u00bb.<\/p>\n<p>2. Croisement des indicateurs pour d\u00e9finir des tendances :<\/p>\n<p>Vient alors le temps de la \u00ab Cit\u00e9-graphie \u00bb, c\u2019est \u00e0 dire le temps de l\u2019analyse des donn\u00e9es,<br \/>\ndu traitement de l\u2019information et de sa visualisation. Il s\u2018agit l\u00e0 de croiser les ph\u00e9nom\u00e8nes<br \/>\npour cr\u00e9er une tendance qui puisse permettre de penser, repr\u00e9senter et mod\u00e9liser les futurs<br \/>\nd\u00e9veloppements urbains d\u2019une ville. Cette analyse pr\u00e9dictive sert de base \u00e0 la cr\u00e9ation<br \/>\nde nouvelles cartes de villes.<\/p>\n<p>3. Cr\u00e9ation d\u2019un r\u00e9cits urbains \u00e0 partir des pr\u00e9dictions :<\/p>\n<p>Ces cartes servent de base \u00e0 la cr\u00e9ation d\u2019un r\u00e9cit ; entre prospective et science-fiction.<br \/>\nDes r\u00e9cits qui renseignent, informent sur la vie des habitants de cette ville fictive \u00e0 venir :<br \/>\nson architecture, ses jardins, ses activit\u00e9s, ses comportements, ses usages,&#8230;<\/p>\n<p>Il s&rsquo;agit de produire pour cette \u00e9tape baptis\u00e9e \u00ab Cit\u00e9-logie \u00bb, un livret, une \u00ab bible \u00bb<br \/>\nqui regroupe toutes ces connaissances.<\/p>\n<p>4. D\u00e9finition et formalisation d\u2019un projet de ville imaginaire :<\/p>\n<p>Il s\u2018agit alors de cr\u00e9er des dessins, des maquettes, des animations 3d ou vid\u00e9o<br \/>\nd\u2019une architecture embl\u00e9matique de votre monde imaginaire. Ces \u00e9l\u00e9ments serviront<br \/>\nde base \u00e0 la production d\u2019une exposition. Un accrochage qui permettra d\u2019aborder<br \/>\nla question du commissariat d\u2019exposition int\u00e9grant ainsi les notions de :<br \/>\nsc\u00e9nographie, m\u00e9diations culturelles, communication,&#8230;<\/p>\n","protected":false},"excerpt":{"rendered":"<p>La m\u00e9thodologie de recherche mise en place dans le studio de cr\u00e9ation consiste \u00e0 s&rsquo;appuyer sur les donn\u00e9es produites par les instituts de statistiques pour imaginer la ville de demain. Il s\u2019agira d\u2019inventer des r\u00e9cits urbains en d\u00e9tournant les m\u00e9thodes&hellip;<\/p>\n<p class=\"more-link-p\"><a class=\"more-link\" href=\"https:\/\/blog.ensci.com\/phenorama\/studio-de-creation-1\/\">Read more &rarr;<\/a><\/p>\n","protected":false},"author":302,"featured_media":0,"parent":0,"menu_order":0,"comment_status":"open","ping_status":"open","template":"","meta":{"spay_email":"","footnotes":"","_links_to":"","_links_to_target":""},"class_list":["post-1450","page","type-page","status-publish","hentry"],"_links":{"self":[{"href":"https:\/\/blog.ensci.com\/phenorama\/wp-json\/wp\/v2\/pages\/1450","targetHints":{"allow":["GET"]}}],"collection":[{"href":"https:\/\/blog.ensci.com\/phenorama\/wp-json\/wp\/v2\/pages"}],"about":[{"href":"https:\/\/blog.ensci.com\/phenorama\/wp-json\/wp\/v2\/types\/page"}],"author":[{"embeddable":true,"href":"https:\/\/blog.ensci.com\/phenorama\/wp-json\/wp\/v2\/users\/302"}],"replies":[{"embeddable":true,"href":"https:\/\/blog.ensci.com\/phenorama\/wp-json\/wp\/v2\/comments?post=1450"}],"version-history":[{"count":5,"href":"https:\/\/blog.ensci.com\/phenorama\/wp-json\/wp\/v2\/pages\/1450\/revisions"}],"predecessor-version":[{"id":1477,"href":"https:\/\/blog.ensci.com\/phenorama\/wp-json\/wp\/v2\/pages\/1450\/revisions\/1477"}],"wp:attachment":[{"href":"https:\/\/blog.ensci.com\/phenorama\/wp-json\/wp\/v2\/media?parent=1450"}],"curies":[{"name":"wp","href":"https:\/\/api.w.org\/{rel}","templated":true}]}}