{"id":1117,"date":"2013-12-06T11:57:12","date_gmt":"2013-12-06T11:57:12","guid":{"rendered":"http:\/\/blog.ensci.com\/phenorama\/?page_id=1117"},"modified":"2016-06-29T14:10:46","modified_gmt":"2016-06-29T14:10:46","slug":"trvaux-du-studio-de-creation","status":"publish","type":"page","link":"https:\/\/blog.ensci.com\/phenorama\/trvaux-du-studio-de-creation\/","title":{"rendered":"d\u00e9g\u00e9n\u00e9r\u00e9"},"content":{"rendered":"<p>Manipuler le vivant est une\u00a0question r\u00e9currente de notre soci\u00e9t\u00e9 industrialis\u00e9e.<\/p>\n<p>Elle est indissociable de la question morale voire \u00e9thique qui resurgit aujourd&rsquo;hui avec le d\u00e9veloppement<br \/>\ndes biotechnologies.<\/p>\n<p>Pour les europ\u00e9ens, le rapport du vivant \u00e0 l&rsquo;industrie v\u00e9hicule une peur li\u00e9e aux heures sombres de notre histoire : les laboratoires du nazisme. Le corps humain devient mat\u00e9riau.<\/p>\n<p>Le vivant peut-il \u00eatre consid\u00e9r\u00e9 comme un mat\u00e9riau ?<br \/>\nLa pens\u00e9e mat\u00e9rialiste tant sur un plan philosophique que scientifique\u00a0nous \u00e9loigne de le pens\u00e9e magique pr\u00e9-moderne en d\u00e9sacralisant le corps. Elle nous permet de prendre\u00a0de la distance avec la mati\u00e8re. De la dissocier de sa charge symbolique\u00a0comme l&rsquo;instruit Michel Foucault dans \u00a0\u00bb Les mots et les choses \u00ab\u00a0.<\/p>\n<p>Cette distance est la cl\u00e9 des avanc\u00e9es\u00a0scientifiques notamment d&rsquo;un point de vue m\u00e9dical. L&rsquo;approche de la\u00a0mati\u00e8re en art a \u00e9t\u00e9 boulevers\u00e9e par le sculpteur fran\u00e7ais Brancusi : \u00ab\u00a0Ce n&rsquo;est pas la forme ext\u00e9rieure qui est r\u00e9elle, mais l&rsquo;essence\u00a0des choses. Partant de cette v\u00e9rit\u00e9, il est impossible \u00e0 quiconque d&rsquo;exprimer\u00a0quelque chose de r\u00e9el en imitant la surface des choses\u00a0\u00bb,\u00a0Avec l&rsquo;art moderne et l&rsquo;arriv\u00e9e d&rsquo;artistes comme Rodchenko, Duchamps, puis\u00a0apr\u00e8s guerre\u00a0 : Klein, Pennone, Andr\u00e9 ou Beuys l&rsquo;exp\u00e9rimentation\u00a0de nouvelles mati\u00e8res est devenue fondamentale, voire incontournable.<\/p>\n<p>Peut-on cr\u00e9er de la repr\u00e9sentation avec du vivant ? \u00c0\u00a0partir de cette interrogation\u00a0les \u00e9l\u00e8ves du studio arts plastiques devront g\u00e9n\u00e9rer d&rsquo;autres questions et produire des travaux\u00a0qui interpellent d&rsquo;une mani\u00e8re contemporaine le rapport au vivant.<\/p>\n<p>&nbsp;<\/p>\n<h1>Guillaume JANDIN<\/h1>\n<div id=\"authors\">Expansion et d\u00e9composition cyclique d\u2019un monstre synth\u00e9tique.<\/div>\n<p><em>\u201cUne triste nuit de novembre, je pus enfin contempler mes longs travaux. Avec une anxi\u00e9t\u00e9 qui me mettait \u00e0 l\u2019agonie, je disposai \u00e0 port\u00e9e de ma main les instruments qui allaient me permettre de transmettre une \u00e9tincelle de vie \u00e0 la forme inerte qui gisait \u00e0 mes pieds.\u201d<br \/>\n<\/em>Frankenstein de Mary Shelley, 1818<\/p>\n<p>Un compresseur envoie en continu un flux d\u2019air par trois tuyaux plong\u00e9s dans la paraffine color\u00e9e. Une plaque chauffante fix\u00e9e sur un tr\u00e9pied est reli\u00e9e \u00e0 un minuteur qui la met sous tension 15 minutes par heure. Entre un \u00e9tat solide et liquide, la paraffine se transforme en une mousse cellulaire couleur chair, toute les soixante-quinze\u00a0minutes.<\/p>\n<p><a href=\"http:\/\/vimeo.com\/30092440\">http:\/\/vimeo.com\/30092440<\/a><\/p>\n<p><a href=\"http:\/\/blog.ensci.com\/phenorama\/trvaux-du-studio-de-creation\/guillaume-jandin-phenorama\/\" rel=\"attachment wp-att-1118\"><img loading=\"lazy\" decoding=\"async\" class=\"alignleft wp-image-1118\" src=\"http:\/\/blog.ensci.com\/phenorama\/files\/2013\/12\/guillaume-jandin-phenorama.jpg\" alt=\"guillaume jandin-phenorama\" width=\"560\" height=\"420\" srcset=\"https:\/\/blog.ensci.com\/phenorama\/files\/2013\/12\/guillaume-jandin-phenorama.jpg 800w, https:\/\/blog.ensci.com\/phenorama\/files\/2013\/12\/guillaume-jandin-phenorama-300x225.jpg 300w, https:\/\/blog.ensci.com\/phenorama\/files\/2013\/12\/guillaume-jandin-phenorama-785x588.jpg 785w\" sizes=\"auto, (max-width: 560px) 100vw, 560px\" \/><\/a><\/p>\n<p>&nbsp;<\/p>\n<h1><\/h1>\n<p>&nbsp;<\/p>\n<p>&nbsp;<\/p>\n<p>&nbsp;<\/p>\n<p>&nbsp;<\/p>\n<p>&nbsp;<\/p>\n<p>&nbsp;<\/p>\n<p>&nbsp;<\/p>\n<p>&nbsp;<\/p>\n<p>&nbsp;<\/p>\n<p>&nbsp;<\/p>\n<p>&nbsp;<\/p>\n<p>&nbsp;<\/p>\n<p>&nbsp;<\/p>\n<h1>Lucile PICON<\/h1>\n<p>Un ballon gonfl\u00e9 et recouvert d&rsquo;une r\u00e9sine va se d\u00e9gonfler \u00e0 la m\u00eame vitesse que la prise de la colle<br \/>\nde tel sorte que le ballon \u00ab\u00a0moule\u00a0\u00bb finira par \u00eatre vid\u00e9 de son air gisant au centre d&rsquo;une sph\u00e8re qui rappelle la terre.<\/p>\n<p><a href=\"http:\/\/blog.ensci.com\/phenorama\/trvaux-du-studio-de-creation\/lucile-picon-phenorama\/\" rel=\"attachment wp-att-1123\"><img loading=\"lazy\" decoding=\"async\" class=\"alignleft wp-image-1123\" src=\"http:\/\/blog.ensci.com\/phenorama\/files\/2013\/12\/lucile-picon-phenorama.jpg\" alt=\"lucile picon-phenorama\" width=\"560\" height=\"420\" srcset=\"https:\/\/blog.ensci.com\/phenorama\/files\/2013\/12\/lucile-picon-phenorama.jpg 800w, https:\/\/blog.ensci.com\/phenorama\/files\/2013\/12\/lucile-picon-phenorama-300x225.jpg 300w, https:\/\/blog.ensci.com\/phenorama\/files\/2013\/12\/lucile-picon-phenorama-785x588.jpg 785w\" sizes=\"auto, (max-width: 560px) 100vw, 560px\" \/><\/a> <a href=\"http:\/\/blog.ensci.com\/phenorama\/trvaux-du-studio-de-creation\/lucile-picon01-phenorama\/\" rel=\"attachment wp-att-1124\"><img loading=\"lazy\" decoding=\"async\" class=\"alignleft wp-image-1124\" src=\"http:\/\/blog.ensci.com\/phenorama\/files\/2013\/12\/lucile-picon01-phenorama.jpg\" alt=\"lucile picon01-phenorama\" width=\"560\" height=\"420\" srcset=\"https:\/\/blog.ensci.com\/phenorama\/files\/2013\/12\/lucile-picon01-phenorama.jpg 800w, https:\/\/blog.ensci.com\/phenorama\/files\/2013\/12\/lucile-picon01-phenorama-300x225.jpg 300w, https:\/\/blog.ensci.com\/phenorama\/files\/2013\/12\/lucile-picon01-phenorama-785x588.jpg 785w\" sizes=\"auto, (max-width: 560px) 100vw, 560px\" \/><\/a><\/p>\n<p>&nbsp;<\/p>\n<p>&nbsp;<\/p>\n<p>&nbsp;<\/p>\n<p>&nbsp;<\/p>\n<p>&nbsp;<\/p>\n<p>&nbsp;<\/p>\n<p>&nbsp;<\/p>\n<p>&nbsp;<\/p>\n<p>&nbsp;<\/p>\n<p>&nbsp;<\/p>\n<p>&nbsp;<\/p>\n<p>&nbsp;<\/p>\n<p>&nbsp;<\/p>\n<p>&nbsp;<\/p>\n<p>&nbsp;<\/p>\n<p>&nbsp;<\/p>\n<p>&nbsp;<\/p>\n<p>&nbsp;<\/p>\n<p>&nbsp;<\/p>\n<p>&nbsp;<\/p>\n<p>&nbsp;<\/p>\n<p>&nbsp;<\/p>\n<p>&nbsp;<\/p>\n<p>&nbsp;<\/p>\n<p>&nbsp;<\/p>\n<p>&nbsp;<\/p>\n<p>&nbsp;<\/p>\n<p>&nbsp;<\/p>\n<h1>Tanguy DESURMONT<\/h1>\n<p>Dans un volume \u00ab\u00a0coussin\u00a0\u00bb transparent un mat\u00e9riaux vivant va pourrir s\u00e9cr\u00e9tant un gaz<br \/>\nproduit par le contact de la banane avec le choux qui finira par gonfler le contenant en plastique<br \/>\nau risque \u00e0 terme d&rsquo;exploser.<\/p>\n<p><a href=\"http:\/\/blog.ensci.com\/phenorama\/trvaux-du-studio-de-creation\/tanguy-desurmont02-phenorama\/\" rel=\"attachment wp-att-1129\"><img loading=\"lazy\" decoding=\"async\" class=\"alignleft wp-image-1129\" src=\"http:\/\/blog.ensci.com\/phenorama\/files\/2013\/12\/tanguy-desurmont02-phenorama.jpg\" alt=\"tanguy desurmont02-phenorama\" width=\"560\" height=\"420\" srcset=\"https:\/\/blog.ensci.com\/phenorama\/files\/2013\/12\/tanguy-desurmont02-phenorama.jpg 800w, https:\/\/blog.ensci.com\/phenorama\/files\/2013\/12\/tanguy-desurmont02-phenorama-300x225.jpg 300w, https:\/\/blog.ensci.com\/phenorama\/files\/2013\/12\/tanguy-desurmont02-phenorama-785x588.jpg 785w\" sizes=\"auto, (max-width: 560px) 100vw, 560px\" \/><\/a><\/p>\n<p><a href=\"http:\/\/blog.ensci.com\/phenorama\/trvaux-du-studio-de-creation\/tanguy-desurmont01-phenorama\/\" rel=\"attachment wp-att-1128\"><img loading=\"lazy\" decoding=\"async\" class=\"alignleft wp-image-1128\" src=\"http:\/\/blog.ensci.com\/phenorama\/files\/2013\/12\/tanguy-desurmont01-phenorama.jpg\" alt=\"tanguy desurmont01-phenorama\" width=\"560\" height=\"420\" srcset=\"https:\/\/blog.ensci.com\/phenorama\/files\/2013\/12\/tanguy-desurmont01-phenorama.jpg 800w, https:\/\/blog.ensci.com\/phenorama\/files\/2013\/12\/tanguy-desurmont01-phenorama-300x225.jpg 300w, https:\/\/blog.ensci.com\/phenorama\/files\/2013\/12\/tanguy-desurmont01-phenorama-785x588.jpg 785w\" sizes=\"auto, (max-width: 560px) 100vw, 560px\" \/><\/a><\/p>\n<p>&nbsp;<\/p>\n<p>&nbsp;<\/p>\n<p>&nbsp;<\/p>\n<p>&nbsp;<\/p>\n<p>&nbsp;<\/p>\n<p>&nbsp;<\/p>\n<p>&nbsp;<\/p>\n<p>&nbsp;<\/p>\n<p>&nbsp;<\/p>\n<p>&nbsp;<\/p>\n<p>&nbsp;<\/p>\n<p>&nbsp;<\/p>\n<p>&nbsp;<\/p>\n<p>&nbsp;<\/p>\n<p>&nbsp;<\/p>\n<p>&nbsp;<\/p>\n<p>&nbsp;<\/p>\n<p>&nbsp;<\/p>\n<p>&nbsp;<\/p>\n<p>&nbsp;<\/p>\n<p>&nbsp;<\/p>\n<p>&nbsp;<\/p>\n<p>&nbsp;<\/p>\n<p>&nbsp;<\/p>\n<p>&nbsp;<\/p>\n<p>&nbsp;<\/p>\n<p>&nbsp;<\/p>\n<h1>Juliette Gulli<\/h1>\n<p>Etats.<\/p>\n<p>Bouleau carbonis\u00e9, Glace.<\/p>\n<p><a href=\"http:\/\/blog.ensci.com\/phenorama\/trvaux-du-studio-de-creation\/juliettejulie-phenorama\/\" rel=\"attachment wp-att-1132\"><img loading=\"lazy\" decoding=\"async\" class=\"alignleft size-full wp-image-1132\" src=\"http:\/\/blog.ensci.com\/phenorama\/files\/2013\/12\/juliettejulie-phenorama.jpg\" alt=\"juliettejulie-phenorama\" width=\"402\" height=\"600\" srcset=\"https:\/\/blog.ensci.com\/phenorama\/files\/2013\/12\/juliettejulie-phenorama.jpg 402w, https:\/\/blog.ensci.com\/phenorama\/files\/2013\/12\/juliettejulie-phenorama-201x300.jpg 201w\" sizes=\"auto, (max-width: 402px) 100vw, 402px\" \/><\/a> <a href=\"http:\/\/blog.ensci.com\/phenorama\/trvaux-du-studio-de-creation\/juliettejulie01-phenorama\/\" rel=\"attachment wp-att-1133\"><br \/>\n<\/a><\/p>\n<p>&nbsp;<\/p>\n<p>&nbsp;<\/p>\n<p>&nbsp;<\/p>\n<p>&nbsp;<\/p>\n<p>&nbsp;<\/p>\n<p>&nbsp;<\/p>\n<p>&nbsp;<\/p>\n<p>&nbsp;<\/p>\n<p>&nbsp;<\/p>\n<p>&nbsp;<\/p>\n<p>&nbsp;<\/p>\n<p>&nbsp;<\/p>\n<p>&nbsp;<\/p>\n<p>&nbsp;<\/p>\n<p>&nbsp;<\/p>\n<p>&nbsp;<\/p>\n<p>&nbsp;<\/p>\n<p>&nbsp;<\/p>\n<p><a href=\"http:\/\/blog.ensci.com\/phenorama\/trvaux-du-studio-de-creation\/juliettejulie01-phenorama\/\" rel=\"attachment wp-att-1133\"><img loading=\"lazy\" decoding=\"async\" src=\"http:\/\/blog.ensci.com\/phenorama\/files\/2013\/12\/juliettejulie01-phenorama.jpg\" alt=\"juliettejulie01-phenorama\" width=\"600\" height=\"600\" \/><\/a><\/p>\n<p>&nbsp;<\/p>\n<h1>Gwenol\u00e9 Gasnier<\/h1>\n<p>Point T.<br \/>\nPoint vert sur feuille contrecoll\u00e9e, boite de conserve d\u00e9form\u00e9e avec ouverture facile.<\/p>\n<p><a href=\"http:\/\/blog.ensci.com\/phenorama\/trvaux-du-studio-de-creation\/gwenole-gasnier\/\" rel=\"attachment wp-att-1135\"><img loading=\"lazy\" decoding=\"async\" class=\"alignleft size-full wp-image-1135\" src=\"http:\/\/blog.ensci.com\/phenorama\/files\/2013\/12\/gwenole-gasnier.jpg\" alt=\"gwenole gasnier\" width=\"400\" height=\"600\" srcset=\"https:\/\/blog.ensci.com\/phenorama\/files\/2013\/12\/gwenole-gasnier.jpg 400w, https:\/\/blog.ensci.com\/phenorama\/files\/2013\/12\/gwenole-gasnier-200x300.jpg 200w\" sizes=\"auto, (max-width: 400px) 100vw, 400px\" \/><\/a><\/p>\n<h1><\/h1>\n<h1><\/h1>\n<p>&nbsp;<\/p>\n<p>&nbsp;<\/p>\n<p>&nbsp;<\/p>\n<p>&nbsp;<\/p>\n<p>&nbsp;<\/p>\n<p>&nbsp;<\/p>\n<p>&nbsp;<\/p>\n<p>&nbsp;<\/p>\n<p>&nbsp;<\/p>\n<p>&nbsp;<\/p>\n<p>&nbsp;<\/p>\n<p>&nbsp;<\/p>\n<p>&nbsp;<\/p>\n<p>&nbsp;<\/p>\n<p>&nbsp;<\/p>\n<p>&nbsp;<\/p>\n<p>&nbsp;<\/p>\n<p>&nbsp;<\/p>\n<p>&nbsp;<\/p>\n<p>&nbsp;<\/p>\n<h1>Diane Sir\u00e9<\/h1>\n<p>Etude anthropologique. Dix ventilateurs, verres en plastique.<\/p>\n<p><a href=\"http:\/\/www.dailymotion.com\/video\/xo011c_etude-anthropologique_creation?start=6\">http:\/\/www.dailymotion.com\/video\/xo011c_etude-anthropologique_creation?start=6<\/a><\/p>\n<p>&nbsp;<\/p>\n<h1>Maeva D<\/h1>\n<p>Iliaque (reprend vie)<\/p>\n<p>Sculpture\u00a030x15cm, os de bassin, herbe.<\/p>\n<p><img loading=\"lazy\" decoding=\"async\" class=\"alignleft size-full wp-image-2029\" src=\"http:\/\/blog.ensci.com\/phenorama\/files\/2016\/06\/maeva-d-phenorama-2.jpg\" alt=\"maeva-d phenorama\" width=\"450\" height=\"600\" srcset=\"https:\/\/blog.ensci.com\/phenorama\/files\/2016\/06\/maeva-d-phenorama-2.jpg 450w, https:\/\/blog.ensci.com\/phenorama\/files\/2016\/06\/maeva-d-phenorama-2-225x300.jpg 225w\" sizes=\"auto, (max-width: 450px) 100vw, 450px\" \/><\/p>\n<p>&nbsp;<\/p>\n<p>&nbsp;<\/p>\n<p>&nbsp;<\/p>\n<p>&nbsp;<\/p>\n<p>&nbsp;<\/p>\n<p>&nbsp;<\/p>\n<p>&nbsp;<\/p>\n<p>&nbsp;<\/p>\n<p>&nbsp;<\/p>\n<p>&nbsp;<\/p>\n<p>&nbsp;<\/p>\n<p>&nbsp;<\/p>\n<p>&nbsp;<\/p>\n<p>&nbsp;<\/p>\n<p>&nbsp;<\/p>\n<p>&nbsp;<\/p>\n<p>&nbsp;<\/p>\n<p>&nbsp;<\/p>\n<p>&nbsp;<\/p>\n<p>&nbsp;<\/p>\n<p>&nbsp;<\/p>\n","protected":false},"excerpt":{"rendered":"<p>Manipuler le vivant est une\u00a0question r\u00e9currente de notre soci\u00e9t\u00e9 industrialis\u00e9e. Elle est indissociable de la question morale voire \u00e9thique qui resurgit aujourd&rsquo;hui avec le d\u00e9veloppement des biotechnologies. Pour les europ\u00e9ens, le rapport du vivant \u00e0 l&rsquo;industrie v\u00e9hicule une peur li\u00e9e&hellip;<\/p>\n<p class=\"more-link-p\"><a class=\"more-link\" href=\"https:\/\/blog.ensci.com\/phenorama\/trvaux-du-studio-de-creation\/\">Read more &rarr;<\/a><\/p>\n","protected":false},"author":302,"featured_media":0,"parent":0,"menu_order":0,"comment_status":"open","ping_status":"open","template":"","meta":{"spay_email":"","footnotes":"","_links_to":"","_links_to_target":""},"class_list":["post-1117","page","type-page","status-publish","hentry"],"_links":{"self":[{"href":"https:\/\/blog.ensci.com\/phenorama\/wp-json\/wp\/v2\/pages\/1117","targetHints":{"allow":["GET"]}}],"collection":[{"href":"https:\/\/blog.ensci.com\/phenorama\/wp-json\/wp\/v2\/pages"}],"about":[{"href":"https:\/\/blog.ensci.com\/phenorama\/wp-json\/wp\/v2\/types\/page"}],"author":[{"embeddable":true,"href":"https:\/\/blog.ensci.com\/phenorama\/wp-json\/wp\/v2\/users\/302"}],"replies":[{"embeddable":true,"href":"https:\/\/blog.ensci.com\/phenorama\/wp-json\/wp\/v2\/comments?post=1117"}],"version-history":[{"count":23,"href":"https:\/\/blog.ensci.com\/phenorama\/wp-json\/wp\/v2\/pages\/1117\/revisions"}],"predecessor-version":[{"id":2033,"href":"https:\/\/blog.ensci.com\/phenorama\/wp-json\/wp\/v2\/pages\/1117\/revisions\/2033"}],"wp:attachment":[{"href":"https:\/\/blog.ensci.com\/phenorama\/wp-json\/wp\/v2\/media?parent=1117"}],"curies":[{"name":"wp","href":"https:\/\/api.w.org\/{rel}","templated":true}]}}