{"id":107,"date":"2012-11-02T16:39:35","date_gmt":"2012-11-02T16:39:35","guid":{"rendered":"http:\/\/blog.ensci.com\/phenorama\/?page_id=107"},"modified":"2012-12-18T21:35:47","modified_gmt":"2012-12-18T21:35:47","slug":"seance-de-29112012","status":"publish","type":"page","link":"https:\/\/blog.ensci.com\/phenorama\/seance-de-29112012\/","title":{"rendered":"s\u00e9ance de travail du 29\/11\/2012"},"content":{"rendered":"<p><em>En pr\u00e9sence de Rapha\u00eble Jeune et Audrey Cottin<\/em><br \/>\n<em>Chantapik choisit de travailler avec cl\u00e9ment.<\/em><\/p>\n<p><strong>Bloc Note Audrey :\u00a0<\/strong><\/p>\n<p><strong>Thomas + Aza,<\/strong><br \/>\nsurprise r\u00e9action du spectateur<br \/>\ntests sons vif fort<br \/>\n? d&rsquo;ou vient le son? par de la surprise, recherche comment dispositif objets m\u00ealer a un son, usage different apparence trompeuse,<br \/>\naltereer l&rsquo;id. des formes<br \/>\nformes inconnu<br \/>\nforme incoonu? surprise\u2026<br \/>\nson usage fonction initiale<br \/>\nlampe de chevet<br \/>\nvid\u00e9os fonction d\u00e9tournement,<br \/>\ngags la surprise<br \/>\ngag? surprises?<br \/>\nlampe alarme<br \/>\npiege? objets leur noms?<br \/>\ndu gag \u00e0 l&rsquo;attentat..?<\/p>\n<p><strong>Louise,<\/strong><br \/>\nplanches contact, ?,<br \/>\nboite<br \/>\ncontrat triin tamm?<br \/>\n<a href=\"http:\/\/www.objectif-exhibitions.org\/\" target=\"_blank\">http:\/\/www.objectif-exhibitions.org\/<\/a><br \/>\nobjets? objet non identifi\u00e9s ONI<br \/>\ntrait\u00e9 comme des boites produits<br \/>\nphoto type studio photo commercial, photo commercial, plateau cyclo:::<br \/>\nphoto,<br \/>\ngabriel kuri<br \/>\nfluxus<\/p>\n<p><strong>Josh,<\/strong><br \/>\nEdwin Deed?<br \/>\n<a href=\"http:\/\/www.artnet.com\/artists\/katharina-grosse\/\" target=\"_blank\">Katharina\u00a0Grosse\u00a0on artnet<\/a><br \/>\n<a href=\"http:\/\/www.artnet.com\/artists\/katharina-\" target=\"_blank\">www.artnet.com\/artists\/katharina-<\/a>grosse\/<br \/>\nKatharina\u00a0Grosse<br \/>\ndocumentation,<br \/>\nfischli weiss<br \/>\nkitchen<br \/>\nJohn M Armleder.<br \/>\nRoman Signer<br \/>\nPHILIPPE VAN SNICK<br \/>\nGabriel Kuri<\/p>\n<p><strong>Camille,\u00a0<\/strong><br \/>\nsouvenir m\u00e9moire maladie neurosciences fil du r\u00e9seau lien entre cerveau organe<br \/>\nordinateur cerveau<br \/>\nl&rsquo;imagerie du cerveau, absence de souvenir, de lien,<br \/>\ntissage,<br \/>\nreseau,<br \/>\nsilence, silencio, david\u00a0 lynch<br \/>\nsilence,<br \/>\nGirl Talk<\/p>\n<p><strong>Nicolas,<\/strong><br \/>\nmodelisation de l&rsquo;espace,<br \/>\n<a href=\"http:\/\/www.ubu.com\/film\/alys_faith.html\" target=\"_blank\">http:\/\/www.ubu.com\/film\/alys_faith.html<\/a><br \/>\ncelui qui propose l&rsquo;interaction ou celui qui l&rsquo;a fait = 2<br \/>\n2 en action(s)<br \/>\nRoman Signer<\/p>\n<p>&nbsp;<\/p>\n<p>Bloc Notes Rapha\u00eble<\/p>\n<p><strong>Thomas + Aza + Sonja<\/strong><\/p>\n<p>Souhaitent cr\u00e9er une situation de surprise. Id\u00e9e d&rsquo;un objet dont le visiteur s&rsquo;approche pour l&rsquo;observer, et lorsqu&rsquo;il rentre dans une distance intime, cela d\u00e9clenche une action, un son, un \u00e9v\u00e9nement qui ne correspondent pas \u00e0 l&rsquo;objet observ\u00e9, mais d\u00e9tourne leur attention. Ils imaginent un syst\u00e8me de captation de leur pr\u00e9sence et de diffusion d&rsquo;un son dans l&rsquo;espace.<br \/>\nJe leur sugg\u00e8re d&rsquo;aller \u00e0 l&rsquo;essentiel de leur id\u00e9e: la situation de surprise, et la prise de conscience que l&rsquo;\u00e9v\u00e9nement ayant produit la surprise leur est adress\u00e9. De faire avec ce qui est sur place, de ne pas tout de suite penser objet ou technique. Sur place: l&rsquo;espace, leur corps, leur voix.<br \/>\nIls ont rassembl\u00e9 des objets: une lampe torche, un pistolet en plastique (pour le bruit),<br \/>\nR\u00e9f\u00e9rences: Tino Sehgal, les effets de surprise qui jouent sur le passage du r\u00e9el \u00e0 la r\u00e9alit\u00e9 (la personne dans la galerie qui tombe dans les pommes, les gardiens qui accueillent le visiteur en dansant et chantant \u00ab\u00a0This is so contemporary\u00a0\u00bb ou dans <em>This Situation<\/em>, chaque fois qu&rsquo;un spectateur rentre, les interpr\u00e8tes s&rsquo;interrompent pour relancer la machine au d\u00e9but &#8211; reset), ou expo R\u00e9trospectives &#8211; de Xavier Le Roy, o\u00f9 l&rsquo;arriv\u00e9e d&rsquo;un spectateur g\u00e9n\u00e8re un mouvement des danseurs.<\/p>\n<p>&nbsp;<\/p>\n<p><strong>Ingrid<\/strong><\/p>\n<p>Travaille sur la m\u00e9moire d\u00e9faillante, et souhaite rendre compte des bugs m\u00e9moire en rapprochant cerveau et ordinateur. Cr\u00e9er une interface qui mette en jeu une d\u00e9faillance, un blanc, un trou. Question du d\u00e9faut dans la perfection math\u00e9matique de l&rsquo;algorithme informatique, et de l&rsquo;erreur comme \u00e9v\u00e9nement.<\/p>\n<p>Andr\u00e9 Cadere consid\u00e9rait les erreurs de son syst\u00e8me de combinaison comme des \u00e9v\u00e9nements, il disait \u00a0\u00bb <strong>Une erreur est l\u2019\u00e9v\u00e9nement<\/strong> qui se passe ici et maintenant, sans jamais se r\u00e9p\u00e9ter. Se r\u00e9p\u00e9tant, elle n\u2019en est plus une mais devient un nouveau syst\u00e8me.\u00a0\u00bb<\/p>\n<p><a href=\"http:\/\/blog.ensci.com\/phenorama\/seance-de-29112012\/parisart-15-mam-cadere-01g-3365\/\" rel=\"attachment wp-att-487\"><img loading=\"lazy\" decoding=\"async\" class=\"size-medium wp-image-487 alignnone\" alt=\"\" src=\"http:\/\/blog.ensci.com\/phenorama\/files\/2012\/11\/parisart-15-MAM-Cadere-01G-3365-241x300.jpg\" width=\"241\" height=\"300\" srcset=\"https:\/\/blog.ensci.com\/phenorama\/files\/2012\/11\/parisart-15-MAM-Cadere-01G-3365-241x300.jpg 241w, https:\/\/blog.ensci.com\/phenorama\/files\/2012\/11\/parisart-15-MAM-Cadere-01G-3365.jpg 402w\" sizes=\"auto, (max-width: 241px) 100vw, 241px\" \/><\/a><\/p>\n<p>&nbsp;<\/p>\n<p>L&rsquo;intelligence artificielle se rapproche de plus en plus de la complexit\u00e9 des circuits neuronaux en \u00e9liminant l&rsquo;erreur.<\/p>\n<p>Voir aussi le collection 1.0.3, avec les Planiscopes, http:\/\/projetmisma.free.fr\/SimpleViewer\/index.html<\/p>\n<p><a href=\"http:\/\/blog.ensci.com\/phenorama\/seance-de-29112012\/capture-de%cc%81cran-2012-12-12-a%cc%80-19-26-47\/\" rel=\"attachment wp-att-499\"><img loading=\"lazy\" decoding=\"async\" class=\"alignnone size-medium wp-image-499\" alt=\"\" src=\"http:\/\/blog.ensci.com\/phenorama\/files\/2012\/11\/Capture-d\u2019e\u0301cran-2012-12-12-a\u0300-19.26.47-300x198.png\" width=\"300\" height=\"198\" srcset=\"https:\/\/blog.ensci.com\/phenorama\/files\/2012\/11\/Capture-d\u2019e\u0301cran-2012-12-12-a\u0300-19.26.47-300x198.png 300w, https:\/\/blog.ensci.com\/phenorama\/files\/2012\/11\/Capture-d\u2019e\u0301cran-2012-12-12-a\u0300-19.26.47.png 738w\" sizes=\"auto, (max-width: 300px) 100vw, 300px\" \/><\/a><\/p>\n<p>&nbsp;<\/p>\n<p><strong>Camille<\/strong><\/p>\n<p>Partie des m\u00eames pr\u00e9misses qu&rsquo;Ingrid (la m\u00e9moire et ses d\u00e9faillances), elle souhaite travailler sur les connections. Les coupures. Instaurer un dysfonctionnement.<\/p>\n<p>Suggestion de travailler sur la circulation des fluides dans l&rsquo;ENSCI et d&rsquo;imaginer de les perturber ou de simuler une perturbation.<\/p>\n<p>&nbsp;<\/p>\n<p><strong>Nicolas<\/strong><\/p>\n<p>Son th\u00e8me est l&rsquo;\u00e9nergie produite par l&rsquo;humain. Il envisage une machine qui permet de g\u00e9n\u00e9rer des oeuvres d&rsquo;art. Id\u00e9e de l&rsquo;art et de son usage. Mais s&rsquo;interroger sur Qu&rsquo;est-ce qu&rsquo;une oeuvre, qu&rsquo;est-ce qu&rsquo;un artiste?<\/p>\n<p>Question de la participation dans l&rsquo;art, de l&rsquo;art comme performance. Cf livre de David Davies, <em>Art as Performance<\/em>, et <em>The art of participation, 1950 to now<\/em>.<\/p>\n<p>Cf la art machine de Keith Tyson<\/p>\n<p><img loading=\"lazy\" decoding=\"async\" alt=\"\" src=\"http:\/\/moss.myblog.arts.ac.uk\/files\/2012\/04\/tumblr_m0gtfq6af51ro5vwmo1_500-300x238.jpg\" width=\"300\" height=\"238\" \/><\/p>\n<p><strong>Josh<\/strong><\/p>\n<p>S&rsquo;int\u00e9resse aux micro-\u00e9v\u00e9nements, aux petites actions du quotidien, fait des tests chez lui: souffler de la farine avec un s\u00e8che cheveux, par exemple. Il souhaite pr\u00e9senter une documentation de ces actions dans l&rsquo;exposition, sous forme de petites vid\u00e9os. Je cite Boris Achour, les \u00ab\u00a0Actions peu\u00a0\u00bb (ann\u00e9es 1993-1997)<\/p>\n<p><a href=\"http:\/\/blog.ensci.com\/phenorama\/seance-de-29112012\/capture-de%cc%81cran-2012-12-12-a%cc%80-18-30-04\/\" rel=\"attachment wp-att-488\"><img loading=\"lazy\" decoding=\"async\" class=\"alignnone size-medium wp-image-488\" alt=\"\" src=\"http:\/\/blog.ensci.com\/phenorama\/files\/2012\/11\/Capture-d\u2019e\u0301cran-2012-12-12-a\u0300-18.30.04-300x227.png\" width=\"300\" height=\"227\" srcset=\"https:\/\/blog.ensci.com\/phenorama\/files\/2012\/11\/Capture-d\u2019e\u0301cran-2012-12-12-a\u0300-18.30.04-300x227.png 300w, https:\/\/blog.ensci.com\/phenorama\/files\/2012\/11\/Capture-d\u2019e\u0301cran-2012-12-12-a\u0300-18.30.04.png 510w\" sizes=\"auto, (max-width: 300px) 100vw, 300px\" \/><\/a><\/p>\n<p>ou encore Didier Courbot<\/p>\n<p><a href=\"http:\/\/blog.ensci.com\/phenorama\/seance-de-29112012\/didier-courbot-needs-roma-2\/\" rel=\"attachment wp-att-493\"><img loading=\"lazy\" decoding=\"async\" class=\"alignnone size-medium wp-image-493\" alt=\"\" src=\"http:\/\/blog.ensci.com\/phenorama\/files\/2012\/11\/Didier-Courbot-Needs-roma1-300x235.jpg\" width=\"300\" height=\"235\" srcset=\"https:\/\/blog.ensci.com\/phenorama\/files\/2012\/11\/Didier-Courbot-Needs-roma1-300x235.jpg 300w, https:\/\/blog.ensci.com\/phenorama\/files\/2012\/11\/Didier-Courbot-Needs-roma1-785x615.jpg 785w, https:\/\/blog.ensci.com\/phenorama\/files\/2012\/11\/Didier-Courbot-Needs-roma1.jpg 791w\" sizes=\"auto, (max-width: 300px) 100vw, 300px\" \/><\/a><\/p>\n<p><a href=\"http:\/\/blog.ensci.com\/phenorama\/seance-de-29112012\/didier-courbot-needs-2-2\/\" rel=\"attachment wp-att-494\"><img loading=\"lazy\" decoding=\"async\" class=\"alignnone size-medium wp-image-494\" alt=\"\" src=\"http:\/\/blog.ensci.com\/phenorama\/files\/2012\/11\/Didier-Courbot-Needs-21-300x235.jpg\" width=\"300\" height=\"235\" srcset=\"https:\/\/blog.ensci.com\/phenorama\/files\/2012\/11\/Didier-Courbot-Needs-21-300x235.jpg 300w, https:\/\/blog.ensci.com\/phenorama\/files\/2012\/11\/Didier-Courbot-Needs-21-785x615.jpg 785w, https:\/\/blog.ensci.com\/phenorama\/files\/2012\/11\/Didier-Courbot-Needs-21.jpg 791w\" sizes=\"auto, (max-width: 300px) 100vw, 300px\" \/><\/a><\/p>\n<p>La question se pose pour Josh du statut de ce qu&rsquo;il montre, est-ce une oeuvre, est-ce une trace documentaire? Cela rejoint les discussions tr\u00e8s actuelles de l&rsquo;archivage de la performance. Quelques exemples de traces d&rsquo;action, qui oscillent d&rsquo;un statut \u00e0 un autre:<\/p>\n<p>Tom Marioni, <em>One minute sculpture<\/em><\/p>\n<p><a href=\"http:\/\/blog.ensci.com\/phenorama\/seance-de-29112012\/tom-marioni-one-second-sculpture\/\" rel=\"attachment wp-att-496\"><img loading=\"lazy\" decoding=\"async\" class=\"alignnone size-medium wp-image-496\" alt=\"\" src=\"http:\/\/blog.ensci.com\/phenorama\/files\/2012\/11\/tom-marioni-one-second-sculpture-300x195.jpg\" width=\"300\" height=\"195\" srcset=\"https:\/\/blog.ensci.com\/phenorama\/files\/2012\/11\/tom-marioni-one-second-sculpture-300x195.jpg 300w, https:\/\/blog.ensci.com\/phenorama\/files\/2012\/11\/tom-marioni-one-second-sculpture-785x512.jpg 785w, https:\/\/blog.ensci.com\/phenorama\/files\/2012\/11\/tom-marioni-one-second-sculpture.jpg 919w\" sizes=\"auto, (max-width: 300px) 100vw, 300px\" \/><\/a><\/p>\n<p>&nbsp;<\/p>\n<p>Marina Abramovic, Seven Easy Piece, r\u00e9activation de 7 de ses performances au Guggenheim Museum en 2005<\/p>\n<p><a href=\"http:\/\/blog.ensci.com\/phenorama\/seance-de-29112012\/capture-de%cc%81cran-2012-12-12-a%cc%80-18-54-53\/\" rel=\"attachment wp-att-495\"><img loading=\"lazy\" decoding=\"async\" class=\"alignnone size-medium wp-image-495\" alt=\"\" src=\"http:\/\/blog.ensci.com\/phenorama\/files\/2012\/11\/Capture-d\u2019e\u0301cran-2012-12-12-a\u0300-18.54.53-300x164.png\" width=\"300\" height=\"164\" srcset=\"https:\/\/blog.ensci.com\/phenorama\/files\/2012\/11\/Capture-d\u2019e\u0301cran-2012-12-12-a\u0300-18.54.53-300x164.png 300w, https:\/\/blog.ensci.com\/phenorama\/files\/2012\/11\/Capture-d\u2019e\u0301cran-2012-12-12-a\u0300-18.54.53-785x431.png 785w, https:\/\/blog.ensci.com\/phenorama\/files\/2012\/11\/Capture-d\u2019e\u0301cran-2012-12-12-a\u0300-18.54.53.png 795w\" sizes=\"auto, (max-width: 300px) 100vw, 300px\" \/><\/a><\/p>\n<p>ou encore Francis Al\u00ffs, dont les d\u00e9ambulations sont document\u00e9es par des photographies ou des vid\u00e9os<\/p>\n<p><a href=\"http:\/\/blog.ensci.com\/phenorama\/seance-de-29112012\/francis-alys-the-green-line\/\" rel=\"attachment wp-att-497\"><img loading=\"lazy\" decoding=\"async\" class=\"alignnone size-medium wp-image-497\" alt=\"\" src=\"http:\/\/blog.ensci.com\/phenorama\/files\/2012\/11\/francis-alys-the-green-line-206x300.jpg\" width=\"206\" height=\"300\" srcset=\"https:\/\/blog.ensci.com\/phenorama\/files\/2012\/11\/francis-alys-the-green-line-206x300.jpg 206w, https:\/\/blog.ensci.com\/phenorama\/files\/2012\/11\/francis-alys-the-green-line.jpg 515w\" sizes=\"auto, (max-width: 206px) 100vw, 206px\" \/><\/a><\/p>\n<p>&nbsp;<\/p>\n<p><strong>Equipe \u00ab\u00a0communication\u00a0\u00bb<\/strong><\/p>\n<p>Recherche sur la communication entre diff\u00e9rents points et sur le brouillage des rep\u00e8res entre source et destinataire. Projet de plusieurs tubes avec chacun une extr\u00e9mit\u00e9 d&rsquo;expression et l&rsquo;autre d&rsquo;\u00e9coute, qui s&rsquo;entrem\u00ealent de fa\u00e7on \u00e0 ne plus savoir quel tube arrive o\u00f9. Premi\u00e8re hypoth\u00e8se:en carton. Suggestion de travailler avec les infrastructures existentes, tube passe-c\u00e2ble de base, et chemin de c\u00e2ble d\u00e9j\u00e0 pr\u00e9sent dans la salle d&rsquo;expo, pour entrem\u00ealer les trajectoires des tubes.<\/p>\n<p>&nbsp;<\/p>\n<p><strong>Danko<\/strong><\/p>\n<p>Cherche \u00e0 effacer la limite entre un dedans et un dehors. Il s&rsquo;int\u00e9resse au format de la fen\u00eatre et de la porte, et veut susciter un entre-deux en travaillant sur la superposition de projection et de reflet.<\/p>\n<p>Dan Graham, Present continuous Past<\/p>\n<p><a href=\"http:\/\/blog.ensci.com\/phenorama\/seance-de-29112012\/dangraham_present_cont_past\/\" rel=\"attachment wp-att-498\"><img loading=\"lazy\" decoding=\"async\" class=\"alignnone size-medium wp-image-498\" alt=\"\" src=\"http:\/\/blog.ensci.com\/phenorama\/files\/2012\/11\/dangraham_present_cont_past-300x168.jpg\" width=\"300\" height=\"168\" srcset=\"https:\/\/blog.ensci.com\/phenorama\/files\/2012\/11\/dangraham_present_cont_past-300x168.jpg 300w, https:\/\/blog.ensci.com\/phenorama\/files\/2012\/11\/dangraham_present_cont_past.jpg 714w\" sizes=\"auto, (max-width: 300px) 100vw, 300px\" \/><\/a><\/p>\n<p>&nbsp;<\/p>\n<p>&nbsp;<\/p>\n<p>&nbsp;<\/p>\n<p>&nbsp;<\/p>\n<p>&nbsp;<\/p>\n<p>&nbsp;<\/p>\n","protected":false},"excerpt":{"rendered":"<p>En pr\u00e9sence de Rapha\u00eble Jeune et Audrey Cottin Chantapik choisit de travailler avec cl\u00e9ment. Bloc Note Audrey :\u00a0 Thomas + Aza, surprise r\u00e9action du spectateur tests sons vif fort ? d&rsquo;ou vient le son? par de la surprise, recherche comment&hellip;<\/p>\n<p class=\"more-link-p\"><a class=\"more-link\" href=\"https:\/\/blog.ensci.com\/phenorama\/seance-de-29112012\/\">Read more &rarr;<\/a><\/p>\n","protected":false},"author":302,"featured_media":0,"parent":0,"menu_order":0,"comment_status":"open","ping_status":"closed","template":"","meta":{"spay_email":"","footnotes":"","_links_to":"","_links_to_target":""},"class_list":["post-107","page","type-page","status-publish","hentry"],"_links":{"self":[{"href":"https:\/\/blog.ensci.com\/phenorama\/wp-json\/wp\/v2\/pages\/107","targetHints":{"allow":["GET"]}}],"collection":[{"href":"https:\/\/blog.ensci.com\/phenorama\/wp-json\/wp\/v2\/pages"}],"about":[{"href":"https:\/\/blog.ensci.com\/phenorama\/wp-json\/wp\/v2\/types\/page"}],"author":[{"embeddable":true,"href":"https:\/\/blog.ensci.com\/phenorama\/wp-json\/wp\/v2\/users\/302"}],"replies":[{"embeddable":true,"href":"https:\/\/blog.ensci.com\/phenorama\/wp-json\/wp\/v2\/comments?post=107"}],"version-history":[{"count":20,"href":"https:\/\/blog.ensci.com\/phenorama\/wp-json\/wp\/v2\/pages\/107\/revisions"}],"predecessor-version":[{"id":391,"href":"https:\/\/blog.ensci.com\/phenorama\/wp-json\/wp\/v2\/pages\/107\/revisions\/391"}],"wp:attachment":[{"href":"https:\/\/blog.ensci.com\/phenorama\/wp-json\/wp\/v2\/media?parent=107"}],"curies":[{"name":"wp","href":"https:\/\/api.w.org\/{rel}","templated":true}]}}