{"id":2,"date":"2012-11-05T07:08:01","date_gmt":"2012-11-05T07:08:01","guid":{"rendered":"http:\/\/blog.ensci.com\/humanitesnumeriques\/?page_id=2"},"modified":"2012-11-05T11:09:12","modified_gmt":"2012-11-05T11:09:12","slug":"presentation","status":"publish","type":"page","link":"https:\/\/blog.ensci.com\/humanitesnumeriques\/presentation\/","title":{"rendered":"Pr\u00e9sentation"},"content":{"rendered":"<div>\n<p>Ce blog est l\u2019espace de publication associ\u00e9 au cours Humanit\u00e9s num\u00e9riques de Jacques-Fran\u00e7ois Marchandise. C\u2019est un espace de travail, plut\u00f4t que de publication finale, nous avons n\u00e9anmoins choisi de publier \u00e0 ciel ouvert.<\/p>\n<p>Pr\u00e9sentation du cours :<\/p>\n<p>La place du num\u00e9rique dans le monde contemporain est marqu\u00e9e par un ensemble d\u2019ambivalences : il bouleverse tout mais se banalise, il suscite l\u2019adh\u00e9sion comme l\u2019inqui\u00e9tude, il ali\u00e8ne et il \u00e9mancipe, il relie comme il segmente. Nous avons, bien souvent, du mal \u00e0 le lire, \u00e0 le comprendre, \u00e0 le questionner. Nous ne parvenons pas facilement \u00e0 qualifier ce qu\u2019il apporte ni ce qu\u2019il perd, \u00e0 savoir quelles strat\u00e9gies sont \u00e0 l\u2019\u0153uvre, quelles tendances \u00e9mergent. Nous savons que le num\u00e9rique est important, et pourtant il n\u2019existe pas : il agr\u00e8ge des \u00e9l\u00e9ments disparates, amplifie des transformations qui lui \u00e9chappent. Il s\u2019agit de technologies, d\u2019\u00e9conomie et de soci\u00e9t\u00e9, d\u2019espace et de temps, d\u2019imaginaire et de pratiques.<\/p>\n<p>Cet enseignement vise \u00e0 renforcer la culture num\u00e9rique des \u00e9l\u00e8ves ainsi que leur outillage critique. Il s\u2019attache \u00e0 confronter l\u2019innovation et les usages, les discours et les pratiques, la prospective et l\u2019histoire ; \u00e0 comprendre les dispositifs socio-techniques, les nouveaux embarras, les enjeux collectifs.<\/p>\n<p>Pour ce faire, il propose une progression au fil du semestre, entre l\u2019acquisition de notions de base, la confrontation \u00e0 des objets d\u2019\u00e9tude, l\u2019\u00e9laboration collective et personnelle et la mise en perspective. Le cours s\u2019accompagne d\u2019un travail de veille et de publication en ligne et mobilise des modalit\u00e9s coop\u00e9ratives.<\/p>\n<p>Ce blog fait partie du <a href=\"http:\/\/blog.ensci.com\/\">R\u00e9seau de blogs de l\u2019ENSCI-Les Ateliers<\/a>.<\/p>\n<\/div>\n","protected":false},"excerpt":{"rendered":"<p>Ce blog est l\u2019espace de publication associ\u00e9 au cours Humanit\u00e9s num\u00e9riques de Jacques-Fran\u00e7ois Marchandise. C\u2019est un espace de travail, plut\u00f4t que de publication finale, nous avons n\u00e9anmoins choisi de publier \u00e0 ciel ouvert. Pr\u00e9sentation du cours : La place du &hellip; <a href=\"https:\/\/blog.ensci.com\/humanitesnumeriques\/presentation\/\">Lire la suite <span class=\"meta-nav\">&rarr;<\/span><\/a><\/p>\n","protected":false},"author":106,"featured_media":0,"parent":0,"menu_order":0,"comment_status":"open","ping_status":"open","template":"","meta":{"footnotes":"","_links_to":"","_links_to_target":""},"class_list":["post-2","page","type-page","status-publish","hentry"],"_links":{"self":[{"href":"https:\/\/blog.ensci.com\/humanitesnumeriques\/wp-json\/wp\/v2\/pages\/2","targetHints":{"allow":["GET"]}}],"collection":[{"href":"https:\/\/blog.ensci.com\/humanitesnumeriques\/wp-json\/wp\/v2\/pages"}],"about":[{"href":"https:\/\/blog.ensci.com\/humanitesnumeriques\/wp-json\/wp\/v2\/types\/page"}],"author":[{"embeddable":true,"href":"https:\/\/blog.ensci.com\/humanitesnumeriques\/wp-json\/wp\/v2\/users\/106"}],"replies":[{"embeddable":true,"href":"https:\/\/blog.ensci.com\/humanitesnumeriques\/wp-json\/wp\/v2\/comments?post=2"}],"version-history":[{"count":2,"href":"https:\/\/blog.ensci.com\/humanitesnumeriques\/wp-json\/wp\/v2\/pages\/2\/revisions"}],"predecessor-version":[{"id":9,"href":"https:\/\/blog.ensci.com\/humanitesnumeriques\/wp-json\/wp\/v2\/pages\/2\/revisions\/9"}],"wp:attachment":[{"href":"https:\/\/blog.ensci.com\/humanitesnumeriques\/wp-json\/wp\/v2\/media?parent=2"}],"curies":[{"name":"wp","href":"https:\/\/api.w.org\/{rel}","templated":true}]}}