{"id":298,"date":"2012-11-16T14:00:44","date_gmt":"2012-11-16T14:00:44","guid":{"rendered":"http:\/\/blog.ensci.com\/phenorama\/?page_id=298"},"modified":"2014-11-06T18:46:58","modified_gmt":"2014-11-06T18:46:58","slug":"recherche-3","status":"publish","type":"page","link":"http:\/\/blog.ensci.com\/phenorama\/recherche-3\/","title":{"rendered":"recherche yves sanou"},"content":{"rendered":"<p>Projet de th\u00e8se d&rsquo;Yves Sanou sous la direction de Manuel GUTIERREZ<\/p>\n<div>\n<p>L \u2019ART RUPESTRE DES REGIONS NORD ET OUEST DU BURKINA FASO :<br \/>\nAPPROCHES ARCHEOLOGIQUE ET HISTORIQUE.\u00a0PERSPECTIVES DE MISE EN VALEUR.<\/p>\n<p>La mention de l\u2019art rupestre en Afrique renvoie psychologiquement \u00e0 celui du Sahara et d\u2019Afrique Australe.<br \/>\nL\u2019art rupestre de notre zone d\u2019\u00e9tude\u00a0(l\u2019Afrique subsaharienne ou l\u2019Ouest africain subsaharien) est souvent<br \/>\nomis ou seulement bri\u00e8vement mentionn\u00e9 dans la litt\u00e9rature consacr\u00e9e\u00a0\u00e0 l\u2019art rupestre africain.<a href=\"http:\/\/blog.ensci.com\/phenorama\/recherche-3\/image-1\/\" rel=\"attachment wp-att-838\"><br \/>\n<\/a><\/p>\n<p><a href=\"http:\/\/blog.ensci.com\/phenorama\/recherche-3\/image-1\/\" rel=\"attachment wp-att-838\"><img loading=\"lazy\" decoding=\"async\" src=\"http:\/\/blog.ensci.com\/phenorama\/files\/2012\/11\/Image-1-300x148.png\" alt=\"Image 1\" width=\"300\" height=\"148\" \/><\/a><\/p>\n<p><a href=\"http:\/\/blog.ensci.com\/phenorama\/recherche-3\/image-6\/\" rel=\"attachment wp-att-843\"><br \/>\n<\/a>L\u2019ensemble de l\u2019art rupestre subsaharien souvent tax\u00e9\u00a0 d\u2019art g\u00e9om\u00e9trique,\u00a0sch\u00e9matique st\u00e9r\u00e9otyp\u00e9 ne rend surtout<br \/>\npas compte de la diversit\u00e9,\u00a0de l\u2019originalit\u00e9, de\u00a0la particularit\u00e9, de la singularit\u00e9 des sites et de leur contexte chrono-culturel.<\/p>\n<p><a href=\"http:\/\/blog.ensci.com\/phenorama\/recherche-3\/image-2\/\" rel=\"attachment wp-att-839\"><img loading=\"lazy\" decoding=\"async\" class=\"alignleft size-medium wp-image-839\" src=\"http:\/\/blog.ensci.com\/phenorama\/files\/2012\/11\/Image-2-300x224.png\" alt=\"Image 2\" width=\"300\" height=\"224\" srcset=\"http:\/\/blog.ensci.com\/phenorama\/files\/2012\/11\/Image-2-300x224.png 300w, http:\/\/blog.ensci.com\/phenorama\/files\/2012\/11\/Image-2.png 614w\" sizes=\"auto, (max-width: 300px) 100vw, 300px\" \/><\/a><\/p>\n<p>&nbsp;<\/p>\n<p>&nbsp;<\/p>\n<p>&nbsp;<\/p>\n<p>&nbsp;<\/p>\n<p>&nbsp;<\/p>\n<p>&nbsp;<\/p>\n<p>&nbsp;<\/p>\n<p>&nbsp;<\/p>\n<p>Faute de recherches syst\u00e9matiques\u00a0 les connaissances sur l\u2019art rupestre au Burkina sont\u00a0 encore<br \/>\n\u00e9parses et insuffisantes. Les connaissances se limitent \u00e0 des g\u00e9n\u00e9ralit\u00e9s. L\u2019arch\u00e9ologie burkinab\u00e9<br \/>\nn\u2019a pas assez investi ce volet de la recherche qui, non moins important\u00a0 m\u00e9rite\u00a0 qu\u2019on lui accorde de l\u2019attention.<\/p>\n<p><a href=\"http:\/\/blog.ensci.com\/phenorama\/recherche-3\/image-3\/\" rel=\"attachment wp-att-840\"><img loading=\"lazy\" decoding=\"async\" class=\"alignleft size-medium wp-image-840\" src=\"http:\/\/blog.ensci.com\/phenorama\/files\/2012\/11\/Image-3-300x215.png\" alt=\"Image 3\" width=\"300\" height=\"215\" srcset=\"http:\/\/blog.ensci.com\/phenorama\/files\/2012\/11\/Image-3-300x215.png 300w, http:\/\/blog.ensci.com\/phenorama\/files\/2012\/11\/Image-3.png 720w\" sizes=\"auto, (max-width: 300px) 100vw, 300px\" \/><\/a><\/p>\n<p>&nbsp;<\/p>\n<p>&nbsp;<\/p>\n<p>&nbsp;<\/p>\n<p>&nbsp;<\/p>\n<p>&nbsp;<\/p>\n<p>&nbsp;<\/p>\n<p>&nbsp;<\/p>\n<p>&nbsp;<\/p>\n<p>Dans l\u2019\u00e9laboration des m\u00e9moires et th\u00e8ses du laboratoire d\u2019arch\u00e9ologie du Burkina aucun travail<br \/>\nde recherche n\u2019a \u00e9t\u00e9 exclusivement consacr\u00e9 \u00e0\u00a0 l\u2019art rupestre.\u00a0Notre enqu\u00eate aupr\u00e8s des populations<br \/>\nr\u00e9v\u00e8le que l\u2019ignorance est quasi-totale quant \u00e0\u00a0la connaissance de l\u2019art rupestre au Burkina Faso.<\/p>\n<p>La probl\u00e9matique de la sauvegarde et de la mise en valeur\u00a0 des sites d\u2019art rupestre au\u00a0c\u0153ur de notre projet.<\/p>\n<p><a href=\"http:\/\/blog.ensci.com\/phenorama\/recherche-3\/image-5\/\" rel=\"attachment wp-att-842\"><img loading=\"lazy\" decoding=\"async\" src=\"http:\/\/blog.ensci.com\/phenorama\/files\/2012\/11\/Image-5-300x224.png\" alt=\"Image 5\" width=\"300\" height=\"224\" \/><\/a><a href=\"http:\/\/blog.ensci.com\/phenorama\/recherche-3\/image-4\/\" rel=\"attachment wp-att-841\"><img loading=\"lazy\" decoding=\"async\" src=\"http:\/\/blog.ensci.com\/phenorama\/files\/2012\/11\/Image-4-300x225.png\" alt=\"Image 4\" width=\"300\" height=\"225\" \/><\/a><\/p>\n<p>Questions pos\u00e9es :<br \/>\nQui sont les auteurs des \u0153uvres rupestres\u00a0 qui d\u00e9fient le temps ?<br \/>\nLa d\u00e9finition de l\u2019identit\u00e9 des producteurs de vestiges s\u2019impose m\u00eame si cette t\u00e2che semble ardue. Si les sources<br \/>\norales attribuent rapidement la paternit\u00e9 de cet art \u00e0 certaines populations anciennement install\u00e9es,<br \/>\nil conviendrait de trouver des arguments solides afin de l\u00e9gitimer ou d\u2019infirmer cette information.<\/p>\n<p>Pourquoi gravaient-ils ces \u0153uvres ou quelles significations peut-on donner \u00e0 ces\u00a0\u0153uvres ?<br \/>\nNombre de chercheurs aujourd\u2019hui se montrent sceptiques sur la possibilit\u00e9 d&rsquo;aller au-del\u00e0 de la collecte<br \/>\ndes faits pour acc\u00e9der \u00e0 une v\u00e9ritable compr\u00e9hension de la signification de l&rsquo;art rupestre. En\u00a0 mati\u00e8re<br \/>\nd\u2019interpr\u00e9tation, les r\u00e9ponses sont souvent fragiles et hypoth\u00e9tiques. La plupart de cette forme d\u2019art<br \/>\nappartient \u00e0 des cultures aujourd\u2019hui disparues, ce qui rend herm\u00e9tique\u00a0 la compr\u00e9hension<br \/>\ndes motivations de leurs auteurs et ainsi que le sens de leur expression.<\/p>\n<p>De quand datent ces diverses repr\u00e9sentations graphiques\u00a0?<br \/>\nSi, de nos jours, aucun probl\u00e8me majeur d&rsquo;identification et d&rsquo;authenticit\u00e9 ne se pose plus lors<br \/>\nd&rsquo;une d\u00e9couverte, les questions de\u00a0datation\u00a0de l&rsquo;art rupestre ne trouvent pas toujours une r\u00e9ponse<br \/>\nsatisfaisante ou d\u00e9finitive. A d\u00e9faut de datation absolue, les comparaisons techno-stylistiques<br \/>\net th\u00e9matiques restent le dernier recours pour une \u00e9ventuelle attribution chronologique et culturelle.<\/p>\n<p>Quelles\u00a0 sont\u00a0 les\u00a0 rapports entretenus\u00a0 entre les populations\u00a0 actuelles et les sites d\u2019art rupestre ?<br \/>\nCertaines populations entretiennent\u00a0 des liens plus ou moins \u00e9troits avec les sites\u00a0 en les consid\u00e9rant<br \/>\ncomme un pan de leur patrimoine et en y pratiquant souvent des activit\u00e9s cultuelles et religieuses.<br \/>\nD\u2019autres les ignorent totalement.<\/p>\n<p><a href=\"http:\/\/blog.ensci.com\/phenorama\/recherche-3\/image-8\/\" rel=\"attachment wp-att-845\"><br \/>\n<\/a> <a href=\"http:\/\/blog.ensci.com\/phenorama\/recherche-3\/image-7\/\" rel=\"attachment wp-att-844\"><img loading=\"lazy\" decoding=\"async\" class=\"alignleft size-medium wp-image-844\" src=\"http:\/\/blog.ensci.com\/phenorama\/files\/2012\/11\/Image-7-300x215.png\" alt=\"Image 7\" width=\"300\" height=\"215\" srcset=\"http:\/\/blog.ensci.com\/phenorama\/files\/2012\/11\/Image-7-300x215.png 300w, http:\/\/blog.ensci.com\/phenorama\/files\/2012\/11\/Image-7.png 700w\" sizes=\"auto, (max-width: 300px) 100vw, 300px\" \/><\/a> <a href=\"http:\/\/blog.ensci.com\/phenorama\/recherche-3\/image-6\/\" rel=\"attachment wp-att-843\"><img loading=\"lazy\" decoding=\"async\" class=\"alignleft size-medium wp-image-843\" src=\"http:\/\/blog.ensci.com\/phenorama\/files\/2012\/11\/Image-6-300x208.png\" alt=\"Image 6\" width=\"300\" height=\"208\" srcset=\"http:\/\/blog.ensci.com\/phenorama\/files\/2012\/11\/Image-6-300x208.png 300w, http:\/\/blog.ensci.com\/phenorama\/files\/2012\/11\/Image-6.png 764w\" sizes=\"auto, (max-width: 300px) 100vw, 300px\" \/><\/a><\/p>\n<p>&nbsp;<\/p>\n<p>&nbsp;<\/p>\n<p>&nbsp;<\/p>\n<div><\/div>\n<div><\/div>\n<div><\/div>\n<div>\n<p>&nbsp;<\/p>\n<p>&nbsp;<\/p>\n<p><a href=\"http:\/\/blog.ensci.com\/phenorama\/recherche-3\/image-8\/\" rel=\"attachment wp-att-845\"><img loading=\"lazy\" decoding=\"async\" src=\"http:\/\/blog.ensci.com\/phenorama\/files\/2012\/11\/Image-8-300x209.png\" alt=\"Image 8\" width=\"300\" height=\"209\" \/><\/a><\/p>\n<\/div>\n<div><\/div>\n<div><\/div>\n<div><\/div>\n<div><\/div>\n<div><\/div>\n<div><\/div>\n<p>&nbsp;<\/p>\n<p>&nbsp;<\/p>\n<div><\/div>\n<div><\/div>\n<\/div>\n<div><\/div>\n<div><\/div>\n<div><\/div>\n<div><\/div>\n<div><\/div>\n<div><\/div>\n","protected":false},"excerpt":{"rendered":"<p>Projet de th\u00e8se d&rsquo;Yves Sanou sous la direction de Manuel GUTIERREZ L \u2019ART RUPESTRE DES REGIONS NORD ET OUEST DU BURKINA FASO : APPROCHES ARCHEOLOGIQUE ET HISTORIQUE.\u00a0PERSPECTIVES DE MISE EN VALEUR. La mention de l\u2019art rupestre en Afrique renvoie psychologiquement&hellip;<\/p>\n<p class=\"more-link-p\"><a class=\"more-link\" href=\"http:\/\/blog.ensci.com\/phenorama\/recherche-3\/\">Read more &rarr;<\/a><\/p>\n","protected":false},"author":302,"featured_media":0,"parent":0,"menu_order":0,"comment_status":"open","ping_status":"open","template":"","meta":{"spay_email":"","footnotes":"","_links_to":"","_links_to_target":""},"class_list":["post-298","page","type-page","status-publish","hentry"],"_links":{"self":[{"href":"http:\/\/blog.ensci.com\/phenorama\/wp-json\/wp\/v2\/pages\/298","targetHints":{"allow":["GET"]}}],"collection":[{"href":"http:\/\/blog.ensci.com\/phenorama\/wp-json\/wp\/v2\/pages"}],"about":[{"href":"http:\/\/blog.ensci.com\/phenorama\/wp-json\/wp\/v2\/types\/page"}],"author":[{"embeddable":true,"href":"http:\/\/blog.ensci.com\/phenorama\/wp-json\/wp\/v2\/users\/302"}],"replies":[{"embeddable":true,"href":"http:\/\/blog.ensci.com\/phenorama\/wp-json\/wp\/v2\/comments?post=298"}],"version-history":[{"count":19,"href":"http:\/\/blog.ensci.com\/phenorama\/wp-json\/wp\/v2\/pages\/298\/revisions"}],"predecessor-version":[{"id":1472,"href":"http:\/\/blog.ensci.com\/phenorama\/wp-json\/wp\/v2\/pages\/298\/revisions\/1472"}],"wp:attachment":[{"href":"http:\/\/blog.ensci.com\/phenorama\/wp-json\/wp\/v2\/media?parent=298"}],"curies":[{"name":"wp","href":"https:\/\/api.w.org\/{rel}","templated":true}]}}