{"id":104,"date":"2012-11-02T16:38:51","date_gmt":"2012-11-02T16:38:51","guid":{"rendered":"http:\/\/blog.ensci.com\/phenorama\/?page_id=104"},"modified":"2012-12-18T21:22:53","modified_gmt":"2012-12-18T21:22:53","slug":"seances-de-travail-22112012","status":"publish","type":"page","link":"http:\/\/blog.ensci.com\/phenorama\/seances-de-travail-22112012\/","title":{"rendered":"s\u00e9ance de travail du 22\/11\/2012"},"content":{"rendered":"<p><strong>Projet danko<\/strong><br \/>\n<a href=\"http:\/\/blog.ensci.com\/phenorama\/seances-de-travail-22112012\/l2-2\/\" rel=\"attachment wp-att-348\"><img loading=\"lazy\" decoding=\"async\" class=\"alignleft size-thumbnail wp-image-348\" alt=\"\" src=\"http:\/\/blog.ensci.com\/phenorama\/files\/2012\/11\/l21-145x145.jpg\" width=\"145\" height=\"145\" \/><\/a><a href=\"http:\/\/blog.ensci.com\/phenorama\/seances-de-travail-22112012\/l2-3\/\" rel=\"attachment wp-att-350\"><img loading=\"lazy\" decoding=\"async\" class=\"alignleft size-thumbnail wp-image-350\" alt=\"\" src=\"http:\/\/blog.ensci.com\/phenorama\/files\/2012\/11\/l22-145x145.jpg\" width=\"145\" height=\"145\" \/><\/a><a href=\"http:\/\/blog.ensci.com\/phenorama\/seances-de-travail-22112012\/dsc_0256\/\" rel=\"attachment wp-att-345\"><img loading=\"lazy\" decoding=\"async\" class=\"alignleft size-thumbnail wp-image-345\" alt=\"\" src=\"http:\/\/blog.ensci.com\/phenorama\/files\/2012\/11\/DSC_0256-145x145.jpg\" width=\"145\" height=\"145\" \/><\/a><br \/>\nProjection d&rsquo;une porte, exp\u00e9rimentation photographique. Superposition de reflet pour arriver \u00e0 des tests<br \/>\navec du papier. Travail de surface et de perception. Il joue avec la perception du dehors et du dedans mat\u00e9rialis\u00e9<br \/>\npar la porte. Texte de Bruno La tour sur les portes.<\/p>\n<p><strong>Projet Louise Danos<\/strong><br \/>\n<strong><a href=\"http:\/\/blog.ensci.com\/phenorama\/seances-de-travail-22112012\/dsc_0264\/\" rel=\"attachment wp-att-352\"><img loading=\"lazy\" decoding=\"async\" class=\"alignleft size-thumbnail wp-image-352\" alt=\"\" src=\"http:\/\/blog.ensci.com\/phenorama\/files\/2012\/11\/DSC_0264-145x145.jpg\" width=\"145\" height=\"145\" \/><\/a><\/strong><strong><a href=\"http:\/\/blog.ensci.com\/phenorama\/seances-de-travail-22112012\/dsc_0265\/\" rel=\"attachment wp-att-353\"><img loading=\"lazy\" decoding=\"async\" class=\"alignleft size-thumbnail wp-image-353\" alt=\"\" src=\"http:\/\/blog.ensci.com\/phenorama\/files\/2012\/11\/DSC_0265-145x145.jpg\" width=\"145\" height=\"145\" \/><\/a><\/strong><strong><a href=\"http:\/\/blog.ensci.com\/phenorama\/seances-de-travail-22112012\/dsc_0266\/\" rel=\"attachment wp-att-354\"><img loading=\"lazy\" decoding=\"async\" class=\"alignleft size-thumbnail wp-image-354\" alt=\"\" src=\"http:\/\/blog.ensci.com\/phenorama\/files\/2012\/11\/DSC_0266-145x145.jpg\" width=\"145\" height=\"145\" \/><\/a><\/strong><strong><a href=\"http:\/\/blog.ensci.com\/phenorama\/seances-de-travail-22112012\/dsc_0267\/\" rel=\"attachment wp-att-355\"><img loading=\"lazy\" decoding=\"async\" class=\"alignleft size-thumbnail wp-image-355\" alt=\"\" src=\"http:\/\/blog.ensci.com\/phenorama\/files\/2012\/11\/DSC_0267-145x145.jpg\" width=\"145\" height=\"145\" \/><\/a><\/strong><strong><a href=\"http:\/\/blog.ensci.com\/phenorama\/seances-de-travail-22112012\/dsc_0268-2\/\" rel=\"attachment wp-att-356\"><img loading=\"lazy\" decoding=\"async\" class=\"alignleft size-thumbnail wp-image-356\" alt=\"\" src=\"http:\/\/blog.ensci.com\/phenorama\/files\/2012\/11\/DSC_02681-145x145.jpg\" width=\"145\" height=\"145\" \/><\/a><\/strong><strong><a href=\"http:\/\/blog.ensci.com\/phenorama\/seances-de-travail-22112012\/dsc_0269\/\" rel=\"attachment wp-att-357\"><img loading=\"lazy\" decoding=\"async\" class=\"alignleft size-thumbnail wp-image-357\" alt=\"\" src=\"http:\/\/blog.ensci.com\/phenorama\/files\/2012\/11\/DSC_0269-145x145.jpg\" width=\"145\" height=\"145\" \/><\/a><\/strong><strong><a href=\"http:\/\/blog.ensci.com\/phenorama\/seances-de-travail-22112012\/dsc_0270\/\" rel=\"attachment wp-att-358\"><img loading=\"lazy\" decoding=\"async\" class=\"alignleft size-thumbnail wp-image-358\" alt=\"\" src=\"http:\/\/blog.ensci.com\/phenorama\/files\/2012\/11\/DSC_0270-145x145.jpg\" width=\"145\" height=\"145\" \/><\/a><\/strong><strong><a href=\"http:\/\/blog.ensci.com\/phenorama\/seances-de-travail-22112012\/dsc_0272\/\" rel=\"attachment wp-att-359\"><img loading=\"lazy\" decoding=\"async\" class=\"alignleft size-thumbnail wp-image-359\" alt=\"\" src=\"http:\/\/blog.ensci.com\/phenorama\/files\/2012\/11\/DSC_0272-145x145.jpg\" width=\"145\" height=\"145\" \/><\/a><\/strong><\/p>\n<p>Retourner vers une sorte de mail art. Cr\u00e9er des modules. Utiliser cette maquette pour laisser les gens jouer\u00a0avec les portes.<br \/>\n<strong>Groupe \u00ab\u00a0Interhumain\u00a0\u00bb<\/strong><br \/>\n<a href=\"http:\/\/blog.ensci.com\/phenorama\/seances-de-travail-22112012\/dsc_0276\/\" rel=\"attachment wp-att-360\"><img loading=\"lazy\" decoding=\"async\" class=\"alignleft size-thumbnail wp-image-360\" alt=\"\" src=\"http:\/\/blog.ensci.com\/phenorama\/files\/2012\/11\/DSC_0276-145x145.jpg\" width=\"145\" height=\"145\" \/><\/a><a href=\"http:\/\/blog.ensci.com\/phenorama\/seances-de-travail-22112012\/dsc_0279\/\" rel=\"attachment wp-att-362\"><img loading=\"lazy\" decoding=\"async\" class=\"alignleft size-thumbnail wp-image-362\" alt=\"\" src=\"http:\/\/blog.ensci.com\/phenorama\/files\/2012\/11\/DSC_0279-145x145.jpg\" width=\"145\" height=\"145\" \/><\/a><a href=\"http:\/\/blog.ensci.com\/phenorama\/seances-de-travail-22112012\/dsc_0280\/\" rel=\"attachment wp-att-363\"><img loading=\"lazy\" decoding=\"async\" class=\"alignleft size-thumbnail wp-image-363\" alt=\"\" src=\"http:\/\/blog.ensci.com\/phenorama\/files\/2012\/11\/DSC_0280-145x145.jpg\" width=\"145\" height=\"145\" \/><\/a><a href=\"http:\/\/blog.ensci.com\/phenorama\/seances-de-travail-22112012\/dsc_0281\/\" rel=\"attachment wp-att-364\"><img loading=\"lazy\" decoding=\"async\" class=\"alignleft size-thumbnail wp-image-364\" alt=\"\" src=\"http:\/\/blog.ensci.com\/phenorama\/files\/2012\/11\/DSC_0281-145x145.jpg\" width=\"145\" height=\"145\" \/><\/a><strong>\u00a0<\/strong><\/p>\n<p><strong>Groupe Salt \u00ab\u00a0Sonja Azza Landr\u00e9 Thomas\u00a0\u00bb<\/strong><br \/>\n<a href=\"http:\/\/blog.ensci.com\/phenorama\/seances-de-travail-22112012\/capture-decran-2012-11-22-a-10-35-48\/\" rel=\"attachment wp-att-367\"><img loading=\"lazy\" decoding=\"async\" class=\"alignleft size-thumbnail wp-image-367\" alt=\"\" src=\"http:\/\/blog.ensci.com\/phenorama\/files\/2012\/11\/Capture-d\u2019\u00e9cran-2012-11-22-\u00e0-10.35.48-145x145.png\" width=\"145\" height=\"145\" \/><\/a><a href=\"http:\/\/blog.ensci.com\/phenorama\/seances-de-travail-22112012\/capture-decran-2012-11-22-a-10-39-38\/\" rel=\"attachment wp-att-368\"><img loading=\"lazy\" decoding=\"async\" alt=\"\" src=\"http:\/\/blog.ensci.com\/phenorama\/files\/2012\/11\/Capture-d\u2019\u00e9cran-2012-11-22-\u00e0-10.39.38-145x145.png\" width=\"145\" height=\"145\" \/><\/a><a href=\"http:\/\/blog.ensci.com\/phenorama\/seances-de-travail-22112012\/capture-decran-2012-11-22-a-10-27-38\/\" rel=\"attachment wp-att-369\"><img loading=\"lazy\" decoding=\"async\" alt=\"\" src=\"http:\/\/blog.ensci.com\/phenorama\/files\/2012\/11\/Capture-d\u2019\u00e9cran-2012-11-22-\u00e0-10.27.38-145x145.png\" width=\"145\" height=\"145\" \/><\/a><br \/>\n<strong>Groupe (h)ombre<\/strong><br \/>\n<strong>Groupe D\u00e9faillance de la m\u00e9moire<\/strong><br \/>\nQuelques dossiers <a href=\"http:\/\/blog.ensci.com\/phenorama\/seances-de-travail-22112012\/essais-souvenirs-ai\/\" rel=\"attachment wp-att-370\">1<\/a>, <a href=\"http:\/\/blog.ensci.com\/phenorama\/seances-de-travail-22112012\/references-souvenirs-indd\/\" rel=\"attachment wp-att-371\">2<\/a>, <a href=\"http:\/\/blog.ensci.com\/phenorama\/seances-de-travail-22112012\/temoignages-ensci-indd\/\" rel=\"attachment wp-att-372\">3<\/a>\u00a0sur le souvenir<br \/>\n<strong>Groupe Nicolas\u00a0<\/strong><br \/>\n<a href=\"http:\/\/blog.ensci.com\/phenorama\/seances-de-travail-22112012\/p1120323\/\" rel=\"attachment wp-att-443\"><img loading=\"lazy\" decoding=\"async\" class=\"alignnone size-medium wp-image-443\" alt=\"\" src=\"http:\/\/blog.ensci.com\/phenorama\/files\/2012\/11\/P1120323-e1354207868267-300x300.jpg\" width=\"300\" height=\"300\" srcset=\"http:\/\/blog.ensci.com\/phenorama\/files\/2012\/11\/P1120323-e1354207868267-300x300.jpg 300w, http:\/\/blog.ensci.com\/phenorama\/files\/2012\/11\/P1120323-e1354207868267-145x145.jpg 145w, http:\/\/blog.ensci.com\/phenorama\/files\/2012\/11\/P1120323-e1354207868267-785x785.jpg 785w\" sizes=\"auto, (max-width: 300px) 100vw, 300px\" \/><\/a><a href=\"http:\/\/blog.ensci.com\/phenorama\/seances-de-travail-22112012\/p1120327\/\" rel=\"attachment wp-att-444\"><img loading=\"lazy\" decoding=\"async\" class=\"alignnone size-medium wp-image-444\" alt=\"\" src=\"http:\/\/blog.ensci.com\/phenorama\/files\/2012\/11\/P1120327-300x300.jpg\" width=\"300\" height=\"300\" srcset=\"http:\/\/blog.ensci.com\/phenorama\/files\/2012\/11\/P1120327-300x300.jpg 300w, http:\/\/blog.ensci.com\/phenorama\/files\/2012\/11\/P1120327-145x145.jpg 145w, http:\/\/blog.ensci.com\/phenorama\/files\/2012\/11\/P1120327-785x785.jpg 785w\" sizes=\"auto, (max-width: 300px) 100vw, 300px\" \/><\/a><br \/>\n<a href=\"http:\/\/blog.ensci.com\/phenorama\/seances-de-travail-22112012\/dscf1599\/\" rel=\"attachment wp-att-377\"><img loading=\"lazy\" decoding=\"async\" class=\"alignleft size-thumbnail wp-image-377\" alt=\"\" src=\"http:\/\/blog.ensci.com\/phenorama\/files\/2012\/11\/DSCF1599-145x145.jpg\" width=\"145\" height=\"145\" \/><\/a><a href=\"http:\/\/blog.ensci.com\/phenorama\/seances-de-travail-22112012\/dscf1600\/\" rel=\"attachment wp-att-378\"><img loading=\"lazy\" decoding=\"async\" class=\"alignleft size-thumbnail wp-image-378\" alt=\"\" src=\"http:\/\/blog.ensci.com\/phenorama\/files\/2012\/11\/DSCF1600-145x145.jpg\" width=\"145\" height=\"145\" \/><\/a><a href=\"http:\/\/blog.ensci.com\/phenorama\/seances-de-travail-22112012\/dscf1602\/\" rel=\"attachment wp-att-379\"><img loading=\"lazy\" decoding=\"async\" class=\"alignleft size-thumbnail wp-image-379\" alt=\"\" src=\"http:\/\/blog.ensci.com\/phenorama\/files\/2012\/11\/DSCF1602-145x145.jpg\" width=\"145\" height=\"145\" \/><\/a><\/p>\n<p>&nbsp;<\/p>\n<p>&nbsp;<\/p>\n<p>&nbsp;<\/p>\n<p><strong>Nicolas,<\/strong><br \/>\nencore vague mais en travail<br \/>\nNicolas doit s&rsquo;exercer \u00e0 attribuer de la valeur \u00e0 son travail du brouillon au produit final. Pourquoi pas exposer les brouillons???<br \/>\nIl propose de r\u00e9aliser une s\u00e9rie d&rsquo;images photographique (parodie? ironie? trag\u00e9die? que faire raconter \u00e0 l&rsquo;image et comment?).<br \/>\nJe suis curieuse.<br \/>\nref to checkout :<br \/>\nJean-Luc Moulene<br \/>\nJP Godard<br \/>\nGuy de Cointet<br \/>\nBertrand Lavier (pompidou)<\/p>\n<p style=\"text-align: left\"><strong>R\u00e9sum\u00e9 des rencontres entre Audrey et les \u00e9l\u00e8ves<\/strong><\/p>\n<p style=\"text-align: left\"><strong>Cl\u00e9ment<\/strong><br \/>\nsid\u00e9ration<br \/>\nolafur eliasson<br \/>\nLVMH ascenseur<br \/>\npsycho<br \/>\nref to checkout :<br \/>\nclaudio parmiggiani<br \/>\nmiet warlop<br \/>\nmichael portnoy &amp; Ieva Miseviciute<br \/>\nBertrand Lavier (pompidou)<br \/>\n<a href=\"http:\/\/www.lamaisonrouge.org\/spip.php?article884&amp;date=cours\" target=\"_blank\">http:\/\/www.lamaisonrouge.org\/spip.php?article884&amp;date=cours<\/a><\/p>\n<p style=\"text-align: left\"><a href=\"http:\/\/blog.ensci.com\/phenorama\/seances-de-travail-22112012\/img_7646\/\" rel=\"attachment wp-att-399\"><img loading=\"lazy\" decoding=\"async\" class=\"alignleft size-medium wp-image-399\" alt=\"\" src=\"http:\/\/blog.ensci.com\/phenorama\/files\/2012\/11\/IMG_7646-300x225.jpg\" width=\"300\" height=\"225\" srcset=\"http:\/\/blog.ensci.com\/phenorama\/files\/2012\/11\/IMG_7646-300x225.jpg 300w, http:\/\/blog.ensci.com\/phenorama\/files\/2012\/11\/IMG_7646-785x588.jpg 785w\" sizes=\"auto, (max-width: 300px) 100vw, 300px\" \/><\/a><br \/>\n<a href=\"http:\/\/blog.ensci.com\/phenorama\/seances-de-travail-22112012\/img_7648\/\" rel=\"attachment wp-att-403\"><img loading=\"lazy\" decoding=\"async\" class=\"alignleft size-medium wp-image-403\" alt=\"\" src=\"http:\/\/blog.ensci.com\/phenorama\/files\/2012\/11\/IMG_7648-300x225.jpg\" width=\"300\" height=\"225\" srcset=\"http:\/\/blog.ensci.com\/phenorama\/files\/2012\/11\/IMG_7648-300x225.jpg 300w, http:\/\/blog.ensci.com\/phenorama\/files\/2012\/11\/IMG_7648-785x588.jpg 785w\" sizes=\"auto, (max-width: 300px) 100vw, 300px\" \/><\/a><a href=\"http:\/\/blog.ensci.com\/phenorama\/seances-de-travail-22112012\/img_7647\/\" rel=\"attachment wp-att-402\"><img loading=\"lazy\" decoding=\"async\" class=\"alignleft size-medium wp-image-402\" alt=\"\" src=\"http:\/\/blog.ensci.com\/phenorama\/files\/2012\/11\/IMG_7647-300x225.jpg\" width=\"300\" height=\"225\" srcset=\"http:\/\/blog.ensci.com\/phenorama\/files\/2012\/11\/IMG_7647-300x225.jpg 300w, http:\/\/blog.ensci.com\/phenorama\/files\/2012\/11\/IMG_7647-785x588.jpg 785w\" sizes=\"auto, (max-width: 300px) 100vw, 300px\" \/><\/a><\/p>\n<p style=\"text-align: left\"><a href=\"http:\/\/blog.ensci.com\/phenorama\/seances-de-travail-22112012\/img_7649\/\" rel=\"attachment wp-att-404\"><img loading=\"lazy\" decoding=\"async\" class=\"alignleft size-medium wp-image-404\" alt=\"\" src=\"http:\/\/blog.ensci.com\/phenorama\/files\/2012\/11\/IMG_7649-300x225.jpg\" width=\"300\" height=\"225\" srcset=\"http:\/\/blog.ensci.com\/phenorama\/files\/2012\/11\/IMG_7649-300x225.jpg 300w, http:\/\/blog.ensci.com\/phenorama\/files\/2012\/11\/IMG_7649-785x588.jpg 785w\" sizes=\"auto, (max-width: 300px) 100vw, 300px\" \/><\/a><br \/>\n<a href=\"http:\/\/blog.ensci.com\/phenorama\/seances-de-travail-22112012\/img001\/\" rel=\"attachment wp-att-405\"><img loading=\"lazy\" decoding=\"async\" class=\"alignleft size-medium wp-image-405\" alt=\"\" src=\"http:\/\/blog.ensci.com\/phenorama\/files\/2012\/11\/img001-300x212.jpg\" width=\"300\" height=\"212\" srcset=\"http:\/\/blog.ensci.com\/phenorama\/files\/2012\/11\/img001-300x212.jpg 300w, http:\/\/blog.ensci.com\/phenorama\/files\/2012\/11\/img001-785x555.jpg 785w\" sizes=\"auto, (max-width: 300px) 100vw, 300px\" \/><\/a><br \/>\n<a href=\"http:\/\/blog.ensci.com\/phenorama\/seances-de-travail-22112012\/img002\/\" rel=\"attachment wp-att-406\"><img loading=\"lazy\" decoding=\"async\" class=\"alignleft size-medium wp-image-406\" alt=\"\" src=\"http:\/\/blog.ensci.com\/phenorama\/files\/2012\/11\/img002-300x225.jpg\" width=\"300\" height=\"225\" srcset=\"http:\/\/blog.ensci.com\/phenorama\/files\/2012\/11\/img002-300x225.jpg 300w, http:\/\/blog.ensci.com\/phenorama\/files\/2012\/11\/img002-785x589.jpg 785w\" sizes=\"auto, (max-width: 300px) 100vw, 300px\" \/><\/a><\/p>\n<p style=\"text-align: left\"><a href=\"http:\/\/blog.ensci.com\/phenorama\/seances-de-travail-22112012\/img003\/\" rel=\"attachment wp-att-407\"><img loading=\"lazy\" decoding=\"async\" class=\"alignleft size-medium wp-image-407\" alt=\"\" src=\"http:\/\/blog.ensci.com\/phenorama\/files\/2012\/11\/img003-300x201.jpg\" width=\"300\" height=\"201\" srcset=\"http:\/\/blog.ensci.com\/phenorama\/files\/2012\/11\/img003-300x201.jpg 300w, http:\/\/blog.ensci.com\/phenorama\/files\/2012\/11\/img003-785x528.jpg 785w\" sizes=\"auto, (max-width: 300px) 100vw, 300px\" \/><\/a><a href=\"http:\/\/blog.ensci.com\/phenorama\/seances-de-travail-22112012\/img004\/\" rel=\"attachment wp-att-408\"><img loading=\"lazy\" decoding=\"async\" class=\"alignleft size-medium wp-image-408\" alt=\"\" src=\"http:\/\/blog.ensci.com\/phenorama\/files\/2012\/11\/img004-300x189.jpg\" width=\"300\" height=\"189\" srcset=\"http:\/\/blog.ensci.com\/phenorama\/files\/2012\/11\/img004-300x189.jpg 300w, http:\/\/blog.ensci.com\/phenorama\/files\/2012\/11\/img004-785x495.jpg 785w\" sizes=\"auto, (max-width: 300px) 100vw, 300px\" \/><\/a><a href=\"http:\/\/blog.ensci.com\/phenorama\/seances-de-travail-22112012\/img005\/\" rel=\"attachment wp-att-409\"><img loading=\"lazy\" decoding=\"async\" class=\"alignleft size-medium wp-image-409\" alt=\"\" src=\"http:\/\/blog.ensci.com\/phenorama\/files\/2012\/11\/img005-300x281.jpg\" width=\"300\" height=\"281\" srcset=\"http:\/\/blog.ensci.com\/phenorama\/files\/2012\/11\/img005-300x281.jpg 300w, http:\/\/blog.ensci.com\/phenorama\/files\/2012\/11\/img005-785x735.jpg 785w\" sizes=\"auto, (max-width: 300px) 100vw, 300px\" \/><\/a><\/p>\n<p><strong>Group 1. (names???)<\/strong><br \/>\nencore vague<br \/>\nludique<br \/>\ninteractif<br \/>\nreactions<br \/>\nsurprise<br \/>\nlexique<br \/>\nindex<br \/>\nma question:<br \/>\ncela sera s\u00e9rieux ou ironique ou parodique?<br \/>\nref to checkout :<br \/>\nmiet warlop<br \/>\nmichael portnoy &amp; Ieva Miseviciute<br \/>\nbenjamin seror<br \/>\n<a href=\"http:\/\/www.z33.be\/en\/projects\/all-knives-any-printed-story-request\" target=\"_blank\">http:\/\/www.z33.be\/en\/projects\/all-knives-any-printed-story-request<\/a><\/p>\n<p style=\"text-align: left\">Group 2. (Avec: <strong>ValChou &amp; Christian<\/strong>)<\/p>\n<p style=\"text-align: left\"><a href=\"http:\/\/blog.ensci.com\/phenorama\/seances-de-travail-22112012\/p1120351\/\" rel=\"attachment wp-att-456\"><img loading=\"lazy\" decoding=\"async\" class=\"alignnone size-medium wp-image-456\" alt=\"\" src=\"http:\/\/blog.ensci.com\/phenorama\/files\/2012\/11\/P1120351-300x300.jpg\" width=\"300\" height=\"300\" srcset=\"http:\/\/blog.ensci.com\/phenorama\/files\/2012\/11\/P1120351-300x300.jpg 300w, http:\/\/blog.ensci.com\/phenorama\/files\/2012\/11\/P1120351-145x145.jpg 145w, http:\/\/blog.ensci.com\/phenorama\/files\/2012\/11\/P1120351-785x785.jpg 785w\" sizes=\"auto, (max-width: 300px) 100vw, 300px\" \/><\/a><br \/>\nprojet installation, lumi\u00e8res, couleur, espace, son, filtre, s\u00e9paration, agrandissement, r\u00e9duction,<br \/>\nref to checkout :<br \/>\nLanternes Magiques<br \/>\nKelly Schacht<br \/>\nKara Walker<br \/>\nolafur eliasson<br \/>\n<a href=\"http:\/\/artbytelephone.com\/\" target=\"_blank\">http:\/\/artbytelephone.com\/<\/a><br \/>\n<a href=\"http:\/\/www.artpool.hu\/Fluxus\/Filliou\/Poipoi3e.html\" target=\"_blank\">http:\/\/www.artpool.hu\/Fluxus\/Filliou\/Poipoi3e.html<\/a><br \/>\nGroup 3. (Avec: <strong>Camille &amp; Ingrid<\/strong>)<br \/>\nencore vague, il faut r\u00e9aliser une forme pour pouvoir en discuter, sinon trop abstrait<br \/>\nle souvenir<br \/>\nref to checkout :<br \/>\nManon de Boer<br \/>\nAlmodovar<br \/>\nsurr\u00e9aliste<br \/>\nDADA<br \/>\nDali (pompidou)<br \/>\nMircea Cantor (pompidou)<br \/>\n<a href=\"http:\/\/blog.ensci.com\/phenorama\/seances-de-travail-22112012\/souvenirs-groupe\/\" rel=\"attachment wp-att-414\">souvenirs-groupe<\/a><\/p>\n<p style=\"text-align: left\">Group 4. (Avec: <strong>Louise<\/strong>)<br \/>\n<a href=\"http:\/\/blog.ensci.com\/phenorama\/seances-de-travail-22112012\/p1120322-2\/\" rel=\"attachment wp-att-447\"><img loading=\"lazy\" decoding=\"async\" class=\"alignnone size-medium wp-image-447\" alt=\"\" src=\"http:\/\/blog.ensci.com\/phenorama\/files\/2012\/11\/P11203221-e1354208076856-300x300.jpg\" width=\"300\" height=\"300\" srcset=\"http:\/\/blog.ensci.com\/phenorama\/files\/2012\/11\/P11203221-e1354208076856-300x300.jpg 300w, http:\/\/blog.ensci.com\/phenorama\/files\/2012\/11\/P11203221-e1354208076856-145x145.jpg 145w, http:\/\/blog.ensci.com\/phenorama\/files\/2012\/11\/P11203221-e1354208076856-785x785.jpg 785w\" sizes=\"auto, (max-width: 300px) 100vw, 300px\" \/><\/a><br \/>\nMaquette et sc\u00e9nario, un tr\u00e8s bon \u00e9lan!<br \/>\nref to checkout :<br \/>\nKelly Schacht<br \/>\nBertrand Lavier (pompidou)<br \/>\n<a href=\"http:\/\/www.z33.be\/en\/projects\/all-knives-any-printed-story-request\" target=\"_blank\">http:\/\/www.z33.be\/en\/projects\/all-knives-any-printed-story-request<\/a><br \/>\n<a href=\"http:\/\/theculturevulture.co.uk\/blog\/radar\/aurelien-froment-in-leeds\/\" target=\"_blank\">http:\/\/theculturevulture.co.uk\/blog\/radar\/aurelien-froment-in-leeds\/<\/a><\/p>\n<p style=\"text-align: left\"><strong>Josh,<\/strong><br \/>\n<a href=\"http:\/\/blog.ensci.com\/phenorama\/seances-de-travail-22112012\/p1120338-3\/\" rel=\"attachment wp-att-453\"><img loading=\"lazy\" decoding=\"async\" class=\"alignnone size-medium wp-image-453\" alt=\"\" src=\"http:\/\/blog.ensci.com\/phenorama\/files\/2012\/11\/P11203382-300x300.jpg\" width=\"300\" height=\"300\" srcset=\"http:\/\/blog.ensci.com\/phenorama\/files\/2012\/11\/P11203382-300x300.jpg 300w, http:\/\/blog.ensci.com\/phenorama\/files\/2012\/11\/P11203382-145x145.jpg 145w, http:\/\/blog.ensci.com\/phenorama\/files\/2012\/11\/P11203382-785x785.jpg 785w\" sizes=\"auto, (max-width: 300px) 100vw, 300px\" \/><\/a><br \/>\nJosh is in experimental period, all is good!<\/p>\n","protected":false},"excerpt":{"rendered":"<p>Projet danko Projection d&rsquo;une porte, exp\u00e9rimentation photographique. Superposition de reflet pour arriver \u00e0 des tests avec du papier. Travail de surface et de perception. Il joue avec la perception du dehors et du dedans mat\u00e9rialis\u00e9 par la porte. Texte de&hellip;<\/p>\n<p class=\"more-link-p\"><a class=\"more-link\" href=\"http:\/\/blog.ensci.com\/phenorama\/seances-de-travail-22112012\/\">Read more &rarr;<\/a><\/p>\n","protected":false},"author":302,"featured_media":0,"parent":0,"menu_order":0,"comment_status":"open","ping_status":"closed","template":"","meta":{"spay_email":"","footnotes":"","_links_to":"","_links_to_target":""},"class_list":["post-104","page","type-page","status-publish","hentry"],"_links":{"self":[{"href":"http:\/\/blog.ensci.com\/phenorama\/wp-json\/wp\/v2\/pages\/104","targetHints":{"allow":["GET"]}}],"collection":[{"href":"http:\/\/blog.ensci.com\/phenorama\/wp-json\/wp\/v2\/pages"}],"about":[{"href":"http:\/\/blog.ensci.com\/phenorama\/wp-json\/wp\/v2\/types\/page"}],"author":[{"embeddable":true,"href":"http:\/\/blog.ensci.com\/phenorama\/wp-json\/wp\/v2\/users\/302"}],"replies":[{"embeddable":true,"href":"http:\/\/blog.ensci.com\/phenorama\/wp-json\/wp\/v2\/comments?post=104"}],"version-history":[{"count":38,"href":"http:\/\/blog.ensci.com\/phenorama\/wp-json\/wp\/v2\/pages\/104\/revisions"}],"predecessor-version":[{"id":349,"href":"http:\/\/blog.ensci.com\/phenorama\/wp-json\/wp\/v2\/pages\/104\/revisions\/349"}],"wp:attachment":[{"href":"http:\/\/blog.ensci.com\/phenorama\/wp-json\/wp\/v2\/media?parent=104"}],"curies":[{"name":"wp","href":"https:\/\/api.w.org\/{rel}","templated":true}]}}